CRAN Package Check Results for Package DemografixeR

Last updated on 2024-07-22 16:57:11 CEST.

Flavor Version Tinstall Tcheck Ttotal Status Flags
r-devel-linux-x86_64-debian-clang 0.1.1 2.53 31.50 34.03 NOTE
r-devel-linux-x86_64-debian-gcc 0.1.1 1.91 24.26 26.17 NOTE
r-devel-linux-x86_64-fedora-clang 0.1.1 44.77 NOTE
r-devel-linux-x86_64-fedora-gcc 0.1.1 56.28 NOTE
r-devel-windows-x86_64 0.1.1 4.00 49.00 53.00 NOTE
r-patched-linux-x86_64 0.1.1 2.13 30.44 32.57 NOTE
r-release-linux-x86_64 0.1.1 2.45 30.49 32.94 NOTE
r-release-macos-arm64 0.1.1 38.00 NOTE
r-release-macos-x86_64 0.1.1 40.00 NOTE
r-release-windows-x86_64 0.1.1 3.00 48.00 51.00 NOTE
r-oldrel-macos-arm64 0.1.1 26.00 NOTE
r-oldrel-macos-x86_64 0.1.1 35.00 NOTE
r-oldrel-windows-x86_64 0.1.1 3.00 49.00 52.00 NOTE

Check Details

Version: 0.1.1
Check: LazyData
Result: NOTE 'LazyData' is specified without a 'data' directory Flavors: r-devel-linux-x86_64-debian-clang, r-devel-linux-x86_64-debian-gcc, r-devel-linux-x86_64-fedora-clang, r-devel-linux-x86_64-fedora-gcc, r-devel-windows-x86_64, r-patched-linux-x86_64, r-release-linux-x86_64, r-release-macos-arm64, r-release-macos-x86_64, r-release-windows-x86_64, r-oldrel-macos-arm64, r-oldrel-macos-x86_64, r-oldrel-windows-x86_64