CRAN Package Check Results for Package ClusROC

Last updated on 2024-07-19 17:54:25 CEST.

Flavor Version Tinstall Tcheck Ttotal Status Flags
r-devel-linux-x86_64-debian-clang 1.0.2 36.35 190.74 227.09 OK
r-devel-linux-x86_64-debian-gcc 1.0.2 21.77 131.03 152.80 OK
r-devel-linux-x86_64-fedora-clang 1.0.2 297.21 OK
r-devel-linux-x86_64-fedora-gcc 1.0.2 272.90 OK
r-devel-windows-x86_64 1.0.2 30.00 287.00 317.00 NOTE
r-patched-linux-x86_64 1.0.2 44.43 181.17 225.60 OK
r-release-linux-x86_64 1.0.2 36.88 181.99 218.87 OK
r-release-macos-arm64 1.0.2 125.00 OK
r-release-macos-x86_64 1.0.2 206.00 OK
r-release-windows-x86_64 1.0.2 35.00 292.00 327.00 OK
r-oldrel-macos-arm64 1.0.2 144.00 OK
r-oldrel-macos-x86_64 1.0.2 251.00 OK
r-oldrel-windows-x86_64 1.0.2 44.00 357.00 401.00 OK

Check Details

Version: 1.0.2
Check: Rd cross-references
Result: NOTE Found the following Rd file(s) with Rd \link{} targets missing package anchors: plot.clus_lme.Rd: ggexport plot.clus_opt_thres3.Rd: ggexport Please provide package anchors for all Rd \link{} targets not in the package itself and the base packages. Flavor: r-devel-windows-x86_64