CRAN Package Check Results for Package CARME

Last updated on 2024-06-13 16:49:02 CEST.

Flavor Version Tinstall Tcheck Ttotal Status Flags
r-devel-linux-x86_64-debian-clang 0.1.1 203.78 163.85 367.63 NOTE
r-devel-linux-x86_64-debian-gcc 0.1.1 0.34 1.56 1.90 ERROR
r-devel-linux-x86_64-fedora-clang 0.1.1 448.52 NOTE
r-devel-linux-x86_64-fedora-gcc 0.1.1 536.28 NOTE
r-devel-windows-x86_64 0.1.1 148.00 146.00 294.00 NOTE
r-patched-linux-x86_64 0.1.1 130.74 174.71 305.45 NOTE
r-release-linux-x86_64 0.1.1 179.19 172.13 351.32 NOTE
r-release-macos-arm64 0.1.1 106.00 NOTE
r-release-macos-x86_64 0.1.1 183.00 NOTE
r-release-windows-x86_64 0.1.1 148.00 153.00 301.00 NOTE
r-oldrel-macos-arm64 0.1.1 99.00 NOTE
r-oldrel-macos-x86_64 0.1.1 171.00 NOTE
r-oldrel-windows-x86_64 0.1.1 191.00 189.00 380.00 NOTE

Check Details

Version: 0.1.1
Check: for GNU extensions in Makefiles
Result: NOTE GNU make is a SystemRequirements. Flavors: r-devel-linux-x86_64-debian-clang, r-devel-linux-x86_64-fedora-clang, r-devel-linux-x86_64-fedora-gcc, r-devel-windows-x86_64, r-patched-linux-x86_64, r-release-linux-x86_64, r-release-macos-arm64, r-release-macos-x86_64, r-release-windows-x86_64, r-oldrel-macos-arm64, r-oldrel-macos-x86_64, r-oldrel-windows-x86_64

Version: 0.1.1
Check: package dependencies
Result: ERROR Package required but not available: ‘rstan’ See section ‘The DESCRIPTION file’ in the ‘Writing R Extensions’ manual. Flavor: r-devel-linux-x86_64-debian-gcc

Version: 0.1.1
Check: dependencies in R code
Result: NOTE Namespace in Imports field not imported from: ‘rstantools’ All declared Imports should be used. Flavors: r-devel-linux-x86_64-fedora-clang, r-devel-linux-x86_64-fedora-gcc

Version: 0.1.1
Check: installed package size
Result: NOTE installed size is 49.0Mb sub-directories of 1Mb or more: libs 48.8Mb Flavors: r-release-macos-arm64, r-release-macos-x86_64, r-oldrel-macos-arm64, r-oldrel-macos-x86_64