CRAN Package Check Results for Package CARBayesdata

Last updated on 2024-06-20 16:49:19 CEST.

Flavor Version Tinstall Tcheck Ttotal Status Flags
r-devel-linux-x86_64-debian-clang 3.0 3.05 28.16 31.21 OK
r-devel-linux-x86_64-debian-gcc 3.0 2.56 22.20 24.76 OK
r-devel-linux-x86_64-fedora-clang 3.0 39.56 NOTE
r-devel-linux-x86_64-fedora-gcc 3.0 39.01 NOTE
r-devel-windows-x86_64 3.0 3.00 43.00 46.00 OK
r-patched-linux-x86_64 3.0 3.05 27.10 30.15 OK
r-release-linux-x86_64 3.0 3.34 27.94 31.28 OK
r-release-macos-arm64 3.0 17.00 OK
r-release-macos-x86_64 3.0 25.00 OK
r-release-windows-x86_64 3.0 3.00 51.00 54.00 OK
r-oldrel-macos-arm64 3.0 19.00 OK
r-oldrel-macos-x86_64 3.0 28.00 OK
r-oldrel-windows-x86_64 3.0 4.00 46.00 50.00 OK

Check Details

Version: 3.0
Check: data for non-ASCII characters
Result: NOTE Note: found 1 marked UTF-8 string Flavors: r-devel-linux-x86_64-fedora-clang, r-devel-linux-x86_64-fedora-gcc