CRAN Package Check Results for Package Bivariate.Pareto

Last updated on 2024-07-19 04:56:33 CEST.

Flavor Version Tinstall Tcheck Ttotal Status Flags
r-devel-linux-x86_64-debian-clang 1.0.3 17.87 88.78 106.65 NOTE
r-devel-linux-x86_64-debian-gcc 1.0.3 11.07 64.39 75.46 NOTE
r-devel-linux-x86_64-fedora-clang 1.0.3 128.11 NOTE
r-devel-linux-x86_64-fedora-gcc 1.0.3 120.92 NOTE
r-devel-windows-x86_64 1.0.3 14.00 76.00 90.00 NOTE
r-patched-linux-x86_64 1.0.3 14.72 83.58 98.30 NOTE
r-release-linux-x86_64 1.0.3 16.86 82.56 99.42 NOTE
r-release-macos-arm64 1.0.3 39.00 NOTE
r-release-macos-x86_64 1.0.3 55.00 NOTE
r-release-windows-x86_64 1.0.3 13.00 75.00 88.00 NOTE
r-oldrel-macos-arm64 1.0.3 37.00 NOTE
r-oldrel-macos-x86_64 1.0.3 70.00 NOTE
r-oldrel-windows-x86_64 1.0.3 16.00 90.00 106.00 NOTE

Check Details

Version: 1.0.3
Check: LazyData
Result: NOTE 'LazyData' is specified without a 'data' directory Flavors: r-devel-linux-x86_64-debian-clang, r-devel-linux-x86_64-debian-gcc, r-devel-linux-x86_64-fedora-clang, r-devel-linux-x86_64-fedora-gcc, r-devel-windows-x86_64, r-patched-linux-x86_64, r-release-linux-x86_64, r-release-macos-arm64, r-release-macos-x86_64, r-release-windows-x86_64, r-oldrel-macos-arm64, r-oldrel-macos-x86_64, r-oldrel-windows-x86_64