CRAN Package Check Results for Package BayesianTools

Last updated on 2024-06-13 04:52:18 CEST.

Flavor Version Tinstall Tcheck Ttotal Status Flags
r-devel-linux-x86_64-debian-clang 0.1.8 40.69 286.50 327.19 NOTE
r-devel-linux-x86_64-debian-gcc 0.1.8 0.49 1.77 2.26 ERROR
r-devel-linux-x86_64-fedora-clang 0.1.8 418.31 NOTE
r-devel-linux-x86_64-fedora-gcc 0.1.8 408.07 NOTE
r-devel-windows-x86_64 0.1.8 33.00 231.00 264.00 NOTE
r-patched-linux-x86_64 0.1.8 33.57 276.12 309.69 NOTE
r-release-linux-x86_64 0.1.8 27.87 278.58 306.45 NOTE
r-release-macos-arm64 0.1.8 98.00 NOTE
r-release-macos-x86_64 0.1.8 153.00 NOTE
r-release-windows-x86_64 0.1.8 32.00 227.00 259.00 ERROR
r-oldrel-macos-arm64 0.1.8 111.00 OK
r-oldrel-macos-x86_64 0.1.8 182.00 NOTE
r-oldrel-windows-x86_64 0.1.8 41.00 312.00 353.00 OK

Check Details

Version: 0.1.8
Check: Rd files
Result: NOTE checkRd: (-1) DE.Rd:43: Lost braces in \itemize; meant \describe ? checkRd: (-1) DE.Rd:44: Lost braces in \itemize; meant \describe ? checkRd: (-1) DE.Rd:45: Lost braces in \itemize; meant \describe ? checkRd: (-1) DE.Rd:46: Lost braces in \itemize; meant \describe ? checkRd: (-1) DEzs.Rd:58: Lost braces in \itemize; meant \describe ? checkRd: (-1) DEzs.Rd:59: Lost braces in \itemize; meant \describe ? checkRd: (-1) DEzs.Rd:60: Lost braces in \itemize; meant \describe ? checkRd: (-1) DEzs.Rd:61: Lost braces in \itemize; meant \describe ? Flavors: r-devel-linux-x86_64-debian-clang, r-devel-linux-x86_64-fedora-clang, r-devel-linux-x86_64-fedora-gcc, r-devel-windows-x86_64, r-patched-linux-x86_64, r-release-linux-x86_64, r-release-macos-arm64, r-release-macos-x86_64, r-release-windows-x86_64

Version: 0.1.8
Check: package dependencies
Result: ERROR Packages required but not available: 'DHARMa', 'gap', 'bridgesampling' Packages suggested but not available for checking: 'sensitivity', 'roxygen2', 'testthat' See section ‘The DESCRIPTION file’ in the ‘Writing R Extensions’ manual. Flavor: r-devel-linux-x86_64-debian-gcc

Version: 0.1.8
Check: re-building of vignette outputs
Result: ERROR Error(s) in re-building vignettes: --- re-building 'BayesianTools.Rmd' using rmarkdown Quitting from lines 755-768 [unnamed-chunk-49] (BayesianTools.Rmd) Error: processing vignette 'BayesianTools.Rmd' failed with diagnostics: cannot allocate vector of size 820 Kb --- failed re-building 'BayesianTools.Rmd' Warning message: In dev.off(dv) : processing of the plot ran out of memory Warning in readLines(tf) : incomplete final line found on 'D:\temp\RtmpqW4XRi\file115386c194543' Mingw-w64 runtime failure: VirtualProtect failed with code 0x5af SUMMARY: processing the following files failed: 'BayesianTools.Rmd' 'InterfacingAModel.Rmd' Error: Vignette re-building failed. Execution halted Flavor: r-release-windows-x86_64

Version: 0.1.8
Check: PDF version of manual
Result: WARN LaTeX errors when creating PDF version. This typically indicates Rd problems. Flavor: r-release-windows-x86_64

Version: 0.1.8
Check: package dependencies
Result: NOTE Package suggested but not available for checking: ‘sensitivity’ Flavor: r-oldrel-macos-x86_64