Last updated on 2025-01-19 04:48:50 CET.
Flavor | Version | Tinstall | Tcheck | Ttotal | Status | Flags |
---|---|---|---|---|---|---|
r-devel-linux-x86_64-debian-clang | 0.1.8 | 24.39 | 222.53 | 246.92 | NOTE | |
r-devel-linux-x86_64-debian-gcc | 0.1.8 | 17.20 | 137.66 | 154.86 | NOTE | |
r-devel-linux-x86_64-fedora-clang | 0.1.8 | 412.14 | NOTE | |||
r-devel-linux-x86_64-fedora-gcc | 0.1.8 | 432.39 | NOTE | |||
r-devel-windows-x86_64 | 0.1.8 | 28.00 | 225.00 | 253.00 | NOTE | |
r-patched-linux-x86_64 | 0.1.8 | 26.37 | 207.07 | 233.44 | NOTE | |
r-release-linux-x86_64 | 0.1.8 | 23.57 | 206.68 | 230.25 | NOTE | |
r-release-macos-arm64 | 0.1.8 | 98.00 | NOTE | |||
r-release-macos-x86_64 | 0.1.8 | 153.00 | NOTE | |||
r-release-windows-x86_64 | 0.1.8 | 28.00 | 227.00 | 255.00 | NOTE | |
r-oldrel-macos-arm64 | 0.1.8 | 111.00 | OK | |||
r-oldrel-macos-x86_64 | 0.1.8 | 182.00 | NOTE | |||
r-oldrel-windows-x86_64 | 0.1.8 | 36.00 | 314.00 | 350.00 | OK |
Version: 0.1.8
Check: Rd files
Result: NOTE
checkRd: (-1) DE.Rd:43: Lost braces in \itemize; meant \describe ?
checkRd: (-1) DE.Rd:44: Lost braces in \itemize; meant \describe ?
checkRd: (-1) DE.Rd:45: Lost braces in \itemize; meant \describe ?
checkRd: (-1) DE.Rd:46: Lost braces in \itemize; meant \describe ?
checkRd: (-1) DEzs.Rd:58: Lost braces in \itemize; meant \describe ?
checkRd: (-1) DEzs.Rd:59: Lost braces in \itemize; meant \describe ?
checkRd: (-1) DEzs.Rd:60: Lost braces in \itemize; meant \describe ?
checkRd: (-1) DEzs.Rd:61: Lost braces in \itemize; meant \describe ?
Flavors: r-devel-linux-x86_64-debian-clang, r-devel-linux-x86_64-debian-gcc, r-devel-linux-x86_64-fedora-clang, r-devel-linux-x86_64-fedora-gcc, r-devel-windows-x86_64, r-patched-linux-x86_64, r-release-linux-x86_64, r-release-macos-arm64, r-release-macos-x86_64, r-release-windows-x86_64
Version: 0.1.8
Check: package dependencies
Result: NOTE
Package suggested but not available for checking: ‘sensitivity’
Flavor: r-oldrel-macos-x86_64