CRAN Package Check Results for Package BayesNSGP

Last updated on 2024-06-14 05:00:08 CEST.

Flavor Version Tinstall Tcheck Ttotal Status Flags
r-devel-linux-x86_64-debian-clang 0.1.2 23.11 160.43 183.54 OK
r-devel-linux-x86_64-debian-gcc 0.1.2 0.26 1.55 1.81 ERROR
r-devel-linux-x86_64-fedora-clang 0.1.2 201.70 OK
r-devel-linux-x86_64-fedora-gcc 0.1.2 184.05 OK
r-devel-windows-x86_64 0.1.2 16.00 129.00 145.00 OK
r-patched-linux-x86_64 0.1.2 19.59 155.95 175.54 OK
r-release-linux-x86_64 0.1.2 22.59 147.00 169.59 OK
r-release-macos-arm64 0.1.2 62.00 OK
r-release-macos-x86_64 0.1.2 92.00 OK
r-release-windows-x86_64 0.1.2 18.00 126.00 144.00 OK
r-oldrel-macos-arm64 0.1.2 63.00 OK
r-oldrel-macos-x86_64 0.1.2 101.00 OK
r-oldrel-windows-x86_64 0.1.2 25.00 157.00 182.00 OK

Check Details

Version: 0.1.2
Check: package dependencies
Result: ERROR Packages required but not available: 'nimble', 'StatMatch' See section ‘The DESCRIPTION file’ in the ‘Writing R Extensions’ manual. Flavor: r-devel-linux-x86_64-debian-gcc