CRAN Package Check Results for Package BayesGmed

Last updated on 2024-06-13 16:49:00 CEST.

Flavor Version Tinstall Tcheck Ttotal Status Flags
r-devel-linux-x86_64-debian-clang 0.0.3 1151.79 237.79 1389.58 NOTE
r-devel-linux-x86_64-debian-gcc 0.0.3 0.41 1.68 2.09 ERROR
r-devel-linux-x86_64-fedora-clang 0.0.3 1695.31 NOTE
r-devel-linux-x86_64-fedora-gcc 0.0.3 2514.49 NOTE
r-devel-windows-x86_64 0.0.3 857.00 269.00 1126.00 NOTE
r-patched-linux-x86_64 0.0.3 0.01 2.54 2.55 ERROR
r-release-linux-x86_64 0.0.3 0.01 2.45 2.46 ERROR
r-release-macos-arm64 0.0.3 439.00 NOTE
r-release-macos-x86_64 0.0.3 482.00 NOTE
r-release-windows-x86_64 0.0.3 857.00 290.00 1147.00 NOTE
r-oldrel-macos-arm64 0.0.3 440.00 NOTE
r-oldrel-macos-x86_64 0.0.3 426.00 NOTE
r-oldrel-windows-x86_64 0.0.3 1112.00 344.00 1456.00 NOTE

Check Details

Version: 0.0.3
Check: for GNU extensions in Makefiles
Result: NOTE GNU make is a SystemRequirements. Flavors: r-devel-linux-x86_64-debian-clang, r-devel-linux-x86_64-fedora-clang, r-devel-linux-x86_64-fedora-gcc, r-devel-windows-x86_64, r-release-macos-arm64, r-release-macos-x86_64, r-release-windows-x86_64, r-oldrel-macos-arm64, r-oldrel-macos-x86_64, r-oldrel-windows-x86_64

Version: 0.0.3
Check: package dependencies
Result: ERROR Package required but not available: ‘rstan’ See section ‘The DESCRIPTION file’ in the ‘Writing R Extensions’ manual. Flavor: r-devel-linux-x86_64-debian-gcc

Version: 0.0.3
Check: installed package size
Result: NOTE installed size is 9.8Mb sub-directories of 1Mb or more: libs 9.2Mb Flavors: r-devel-linux-x86_64-fedora-clang, r-devel-windows-x86_64, r-release-macos-arm64, r-release-macos-x86_64, r-release-windows-x86_64, r-oldrel-macos-arm64, r-oldrel-macos-x86_64, r-oldrel-windows-x86_64

Version: 0.0.3
Check: dependencies in R code
Result: NOTE Namespaces in Imports field not imported from: ‘RcppParallel’ ‘rstantools’ All declared Imports should be used. Flavors: r-devel-linux-x86_64-fedora-clang, r-devel-linux-x86_64-fedora-gcc

Version: 0.0.3
Check: whether package can be installed
Result: ERROR Installation failed. Flavors: r-patched-linux-x86_64, r-release-linux-x86_64