CRAN Package Check Results for Package BayesComm

Last updated on 2024-07-16 04:56:03 CEST.

Flavor Version Tinstall Tcheck Ttotal Status Flags
r-devel-linux-x86_64-debian-clang 0.1-2 53.50 36.24 89.74 NOTE
r-devel-linux-x86_64-debian-gcc 0.1-2 33.12 27.35 60.47 NOTE
r-devel-linux-x86_64-fedora-clang 0.1-2 129.29 NOTE
r-devel-linux-x86_64-fedora-gcc 0.1-2 122.70 NOTE
r-devel-windows-x86_64 0.1-2 44.00 63.00 107.00 NOTE
r-patched-linux-x86_64 0.1-2 44.24 33.89 78.13 NOTE
r-release-linux-x86_64 0.1-2 43.04 34.82 77.86 NOTE
r-release-macos-arm64 0.1-2 29.00 NOTE
r-release-macos-x86_64 0.1-2 44.00 NOTE
r-release-windows-x86_64 0.1-2 41.00 69.00 110.00 NOTE
r-oldrel-macos-arm64 0.1-2 34.00 NOTE
r-oldrel-macos-x86_64 0.1-2 50.00 NOTE
r-oldrel-windows-x86_64 0.1-2 52.00 81.00 133.00 NOTE

Check Details

Version: 0.1-2
Check: Rd files
Result: NOTE checkRd: (-1) BayesComm-package.Rd:33: Escaped LaTeX specials: \& Flavors: r-devel-linux-x86_64-debian-clang, r-devel-linux-x86_64-debian-gcc, r-devel-linux-x86_64-fedora-clang, r-devel-linux-x86_64-fedora-gcc, r-devel-windows-x86_64, r-patched-linux-x86_64, r-release-linux-x86_64, r-release-macos-arm64, r-release-macos-x86_64, r-release-windows-x86_64, r-oldrel-macos-arm64, r-oldrel-macos-x86_64, r-oldrel-windows-x86_64

Version: 0.1-2
Check: compiled code
Result: NOTE File ‘BayesComm/libs/BayesComm.so’: Found no calls to: ‘R_registerRoutines’, ‘R_useDynamicSymbols’ It is good practice to register native routines and to disable symbol search. See ‘Writing portable packages’ in the ‘Writing R Extensions’ manual. Flavors: r-devel-linux-x86_64-fedora-clang, r-devel-linux-x86_64-fedora-gcc

Version: 0.1-2
Check: Rd cross-references
Result: NOTE Found the following Rd file(s) with Rd \link{} targets missing package anchors: plot.bayescomm.Rd: plot.mcmc summary.bayescomm.Rd: summary.mcmc window.bayescomm.Rd: window.mcmc Please provide package anchors for all Rd \link{} targets not in the package itself and the base packages. Flavor: r-devel-windows-x86_64