CRAN Package Check Results for Package BTYD

Last updated on 2024-07-12 04:55:53 CEST.

Flavor Version Tinstall Tcheck Ttotal Status Flags
r-devel-linux-x86_64-debian-clang 2.4.3 14.36 226.05 240.41 OK
r-devel-linux-x86_64-debian-gcc 2.4.3 10.75 162.97 173.72 OK
r-devel-linux-x86_64-fedora-clang 2.4.3 304.14 OK
r-devel-linux-x86_64-fedora-gcc 2.4.3 298.12 OK
r-devel-windows-x86_64 2.4.3 15.00 225.00 240.00 OK
r-patched-linux-x86_64 2.4.3 15.14 219.27 234.41 OK
r-release-linux-x86_64 2.4.3 14.93 220.29 235.22 OK
r-release-macos-arm64 2.4.3 85.00 OK
r-release-macos-x86_64 2.4.3 127.00 WARN
r-release-windows-x86_64 2.4.3 15.00 219.00 234.00 OK
r-oldrel-macos-arm64 2.4.3 99.00 OK
r-oldrel-macos-x86_64 2.4.3 160.00 OK
r-oldrel-windows-x86_64 2.4.3 20.00 262.00 282.00 OK

Check Details

Version: 2.4.3
Check: re-building of vignette outputs
Result: WARN Error(s) in re-building vignettes: ... --- re-building ‘BTYD-walkthrough.Rnw’ using knitr Error: processing vignette 'BTYD-walkthrough.Rnw' failed with diagnostics: Running 'texi2dvi' on 'BTYD-walkthrough.tex' failed. LaTeX errors: ! Undefined control sequence. l.167 \hldef {cdnowElog} \hlkwb{<-} \hlkwd{system.file}\hldef{(}\hlsng{"data/... ? ! Emergency stop. l.167 End of file on the terminal! ! ==> Fatal error occurred, no output PDF file produced! --- failed re-building ‘BTYD-walkthrough.Rnw’ SUMMARY: processing the following file failed: ‘BTYD-walkthrough.Rnw’ Error: Vignette re-building failed. Execution halted Flavor: r-release-macos-x86_64