CRAN Package Check Results for Package BPrinStratTTE

Last updated on 2024-06-20 04:53:39 CEST.

Flavor Version Tinstall Tcheck Ttotal Status Flags
r-devel-linux-x86_64-debian-clang 0.0.7 312.58 149.33 461.91 OK
r-devel-linux-x86_64-debian-gcc 0.0.7 249.71 124.46 374.17 OK
r-devel-linux-x86_64-fedora-clang 0.0.7 571.63 NOTE
r-devel-linux-x86_64-fedora-gcc 0.0.7 745.53 NOTE
r-devel-windows-x86_64 0.0.7 228.00 149.00 377.00 OK
r-patched-linux-x86_64 0.0.7 0.01 2.43 2.44 ERROR
r-release-linux-x86_64 0.0.7 0.01 2.36 2.37 ERROR
r-release-macos-arm64 0.0.7 144.00 NOTE
r-release-macos-x86_64 0.0.7 166.00 NOTE
r-release-windows-x86_64 0.0.7 230.00 162.00 392.00 OK
r-oldrel-macos-arm64 0.0.7 150.00 NOTE
r-oldrel-macos-x86_64 0.0.7 246.00 NOTE
r-oldrel-windows-x86_64 0.0.7 305.00 182.00 487.00 OK

Check Details

Version: 0.0.7
Check: for GNU extensions in Makefiles
Result: NOTE GNU make is a SystemRequirements. Flavors: r-devel-linux-x86_64-fedora-clang, r-devel-linux-x86_64-fedora-gcc, r-release-macos-arm64, r-release-macos-x86_64, r-oldrel-macos-arm64, r-oldrel-macos-x86_64

Version: 0.0.7
Check: whether package can be installed
Result: ERROR Installation failed. Flavors: r-patched-linux-x86_64, r-release-linux-x86_64

Version: 0.0.7
Check: installed package size
Result: NOTE installed size is 52.5Mb sub-directories of 1Mb or more: libs 52.2Mb Flavors: r-release-macos-arm64, r-release-macos-x86_64, r-oldrel-macos-arm64, r-oldrel-macos-x86_64