Last updated on 2025-01-19 04:48:50 CET.
Flavor | Version | Tinstall | Tcheck | Ttotal | Status | Flags |
---|---|---|---|---|---|---|
r-devel-linux-x86_64-debian-clang | 0.1.2 | 2.51 | 23.95 | 26.46 | NOTE | |
r-devel-linux-x86_64-debian-gcc | 0.1.2 | 2.16 | 18.46 | 20.62 | NOTE | |
r-devel-linux-x86_64-fedora-clang | 0.1.2 | 43.13 | NOTE | |||
r-devel-linux-x86_64-fedora-gcc | 0.1.2 | 41.74 | NOTE | |||
r-devel-windows-x86_64 | 0.1.2 | 4.00 | 50.00 | 54.00 | NOTE | |
r-patched-linux-x86_64 | 0.1.2 | 2.56 | 22.71 | 25.27 | NOTE | |
r-release-linux-x86_64 | 0.1.2 | 2.28 | 22.46 | 24.74 | NOTE | |
r-release-macos-arm64 | 0.1.2 | 16.00 | NOTE | |||
r-release-macos-x86_64 | 0.1.2 | 25.00 | NOTE | |||
r-release-windows-x86_64 | 0.1.2 | 3.00 | 48.00 | 51.00 | NOTE | |
r-oldrel-macos-arm64 | 0.1.2 | 17.00 | NOTE | |||
r-oldrel-macos-x86_64 | 0.1.2 | 25.00 | NOTE | |||
r-oldrel-windows-x86_64 | 0.1.2 | 4.00 | 51.00 | 55.00 | NOTE |
Version: 0.1.2
Check: Rd files
Result: NOTE
checkRd: (-1) altopt.ic.Rd:63: Lost braces in \itemize; \value handles \item{}{} directly
checkRd: (-1) altopt.ic.Rd:64: Lost braces in \itemize; \value handles \item{}{} directly
checkRd: (-1) altopt.ic.Rd:65: Lost braces in \itemize; \value handles \item{}{} directly
checkRd: (-1) altopt.ic.Rd:66: Lost braces in \itemize; \value handles \item{}{} directly
checkRd: (-1) altopt.ic.Rd:67: Lost braces in \itemize; \value handles \item{}{} directly
checkRd: (-1) altopt.ic.Rd:68: Lost braces in \itemize; \value handles \item{}{} directly
checkRd: (-1) altopt.ic.Rd:69: Lost braces in \itemize; \value handles \item{}{} directly
checkRd: (-1) altopt.rc.Rd:60: Lost braces in \itemize; \value handles \item{}{} directly
checkRd: (-1) altopt.rc.Rd:61: Lost braces in \itemize; \value handles \item{}{} directly
checkRd: (-1) altopt.rc.Rd:62: Lost braces in \itemize; \value handles \item{}{} directly
checkRd: (-1) altopt.rc.Rd:63: Lost braces in \itemize; \value handles \item{}{} directly
checkRd: (-1) altopt.rc.Rd:64: Lost braces in \itemize; \value handles \item{}{} directly
checkRd: (-1) altopt.rc.Rd:65: Lost braces in \itemize; \value handles \item{}{} directly
checkRd: (-1) altopt.rc.Rd:66: Lost braces in \itemize; \value handles \item{}{} directly
Flavors: r-devel-linux-x86_64-debian-clang, r-devel-linux-x86_64-debian-gcc, r-devel-linux-x86_64-fedora-clang, r-devel-linux-x86_64-fedora-gcc, r-devel-windows-x86_64, r-patched-linux-x86_64, r-release-linux-x86_64, r-release-macos-arm64, r-release-macos-x86_64, r-release-windows-x86_64
Version: 0.1.2
Check: LazyData
Result: NOTE
'LazyData' is specified without a 'data' directory
Flavors: r-patched-linux-x86_64, r-release-linux-x86_64, r-release-macos-arm64, r-release-macos-x86_64, r-release-windows-x86_64, r-oldrel-macos-arm64, r-oldrel-macos-x86_64, r-oldrel-windows-x86_64