CRAN Package Check Results for Package zooaRchGUI

Last updated on 2020-08-07 15:49:01 CEST.

Flavor Version Tinstall Tcheck Ttotal Status Flags
r-devel-linux-x86_64-debian-clang 1.0.2 32.18 138.87 171.05 OK
r-devel-linux-x86_64-debian-gcc 1.0.2 24.65 118.34 142.99 OK
r-devel-linux-x86_64-fedora-clang 1.0.2 309.16 OK
r-devel-linux-x86_64-fedora-gcc 1.0.2 294.73 OK
r-devel-windows-ix86+x86_64 1.0.2 88.00 227.00 315.00 OK
r-patched-linux-x86_64 1.0.2 27.33 137.71 165.04 OK
r-patched-solaris-x86 1.0.2 419.70 OK
r-release-linux-x86_64 1.0.2 31.39 139.78 171.17 OK
r-release-macos-x86_64 1.0.2 OK
r-release-windows-ix86+x86_64 1.0.2 93.00 357.00 450.00 OK
r-oldrel-macos-x86_64 1.0.2 FAIL
r-oldrel-windows-ix86+x86_64 1.0.2 49.00 203.00 252.00 OK

Check Details

Version: 1.0.2
Check: whether package can be installed
Result: FAIL
Flavor: r-oldrel-macos-x86_64