CRAN Package Check Results for Package zonebuilder

Last updated on 2025-01-21 16:50:28 CET.

Flavor Version Tinstall Tcheck Ttotal Status Flags
r-devel-linux-x86_64-debian-clang 0.0.2 4.70 69.31 74.01 OK
r-devel-linux-x86_64-debian-gcc 0.0.2 2.74 47.34 50.08 OK
r-devel-linux-x86_64-fedora-clang 0.0.2 129.09 OK
r-devel-linux-x86_64-fedora-gcc 0.0.2 135.06 OK
r-devel-windows-x86_64 0.0.2 6.00 84.00 90.00 OK
r-patched-linux-x86_64 0.0.2 4.07 64.60 68.67 NOTE
r-release-linux-x86_64 0.0.2 3.90 65.69 69.59 NOTE
r-release-macos-arm64 0.0.2 42.00 OK
r-release-macos-x86_64 0.0.2 67.00 OK
r-release-windows-x86_64 0.0.2 7.00 84.00 91.00 OK
r-oldrel-macos-arm64 0.0.2 56.00 OK
r-oldrel-macos-x86_64 0.0.2 78.00 OK
r-oldrel-windows-x86_64 0.0.2 7.00 98.00 105.00 OK

Check Details

Version: 0.0.2
Check: package dependencies
Result: NOTE Package suggested but not available for checking: ‘pct’ Flavors: r-patched-linux-x86_64, r-release-linux-x86_64