Last updated on 2023-09-30 16:57:13 CEST.
Flavor | Version | Tinstall | Tcheck | Ttotal | Status | Flags |
---|---|---|---|---|---|---|
r-devel-linux-x86_64-debian-clang | 0.6-70 | 11.13 | 110.88 | 122.01 | OK | |
r-devel-linux-x86_64-debian-gcc | 0.6-70 | 7.16 | 88.83 | 95.99 | OK | |
r-devel-linux-x86_64-fedora-clang | 0.6-70 | 153.48 | NOTE | |||
r-devel-linux-x86_64-fedora-gcc | 0.6-70 | 164.95 | NOTE | |||
r-devel-windows-x86_64 | 0.6-70 | 10.00 | 130.00 | 140.00 | OK | |
r-patched-linux-x86_64 | 0.6-70 | 11.07 | 106.57 | 117.64 | OK | |
r-release-linux-x86_64 | 0.6-70 | 9.95 | 106.98 | 116.93 | OK | |
r-release-macos-arm64 | 0.6-70 | 55.00 | OK | |||
r-release-macos-x86_64 | 0.6-70 | 101.00 | OK | |||
r-release-windows-x86_64 | 0.6-70 | 9.00 | 149.00 | 158.00 | OK | |
r-oldrel-macos-arm64 | 0.6-70 | 47.00 | OK | |||
r-oldrel-macos-x86_64 | 0.6-70 | 64.00 | NOTE | |||
r-oldrel-windows-x86_64 | 0.6-70 | 22.00 | 135.00 | 157.00 | OK |
Version: 0.6-70
Check: data for non-ASCII characters
Result: NOTE
Note: found 146804 marked UTF-8 strings
Flavors: r-devel-linux-x86_64-fedora-clang, r-devel-linux-x86_64-fedora-gcc, r-oldrel-macos-x86_64