CRAN Package Check Results for Package yakmoR

Last updated on 2020-08-15 03:48:24 CEST.

Flavor Version Tinstall Tcheck Ttotal Status Flags
r-devel-linux-x86_64-debian-clang 0.1.1 20.91 28.03 48.94 OK
r-devel-linux-x86_64-debian-gcc 0.1.1 17.40 22.35 39.75 OK
r-devel-linux-x86_64-fedora-clang 0.1.1 75.86 NOTE
r-devel-linux-x86_64-fedora-gcc 0.1.1 65.25 NOTE
r-devel-windows-ix86+x86_64 0.1.1 58.00 84.00 142.00 OK
r-patched-linux-x86_64 0.1.1 17.01 28.26 45.27 OK
r-patched-solaris-x86 0.1.1 80.30 WARN
r-release-linux-x86_64 0.1.1 18.48 27.80 46.28 OK
r-release-macos-x86_64 0.1.1 OK
r-release-windows-ix86+x86_64 0.1.1 60.00 60.00 120.00 OK
r-oldrel-macos-x86_64 0.1.1 OK
r-oldrel-windows-ix86+x86_64 0.1.1 47.00 69.00 116.00 OK

Check Details

Version: 0.1.1
Check: compiled code
Result: NOTE
    File ‘yakmoR/libs/yakmoR.so’:
     Found no calls to: ‘R_registerRoutines’, ‘R_useDynamicSymbols’
    
    It is good practice to register native routines and to disable symbol
    search.
    
    See ‘Writing portable packages’ in the ‘Writing R Extensions’ manual.
Flavors: r-devel-linux-x86_64-fedora-clang, r-devel-linux-x86_64-fedora-gcc

Version: 0.1.1
Check: whether package can be installed
Result: WARN
    Found the following significant warnings:
     yakmo.h:184:1: warning: ISO C++ forbids converting a string constant to ‘char*’ [-Wwrite-strings]
Flavor: r-patched-solaris-x86