CRAN Package Check Results for Package xspliner

Last updated on 2020-08-14 03:48:04 CEST.

Flavor Version Tinstall Tcheck Ttotal Status Flags
r-devel-linux-x86_64-debian-clang 0.0.4 0.54 2.62 3.16 ERROR
r-devel-linux-x86_64-debian-gcc 0.0.4 2.67 174.43 177.10 OK
r-devel-linux-x86_64-fedora-clang 0.0.4 318.13 OK
r-devel-linux-x86_64-fedora-gcc 0.0.4 314.39 OK
r-devel-windows-ix86+x86_64 0.0.4 13.00 365.00 378.00 OK
r-patched-linux-x86_64 0.0.4 4.10 221.38 225.48 OK
r-patched-solaris-x86 0.0.4 514.00 OK
r-release-linux-x86_64 0.0.4 3.34 220.71 224.05 OK
r-release-macos-x86_64 0.0.4 OK
r-release-windows-ix86+x86_64 0.0.4 12.00 310.00 322.00 OK
r-oldrel-macos-x86_64 0.0.4 OK
r-oldrel-windows-ix86+x86_64 0.0.4 7.00 270.00 277.00 OK

Check Details

Version: 0.0.4
Check: package dependencies
Result: ERROR
    Package required but not available: 'tidyr'
    
    Packages suggested but not available for checking: 'factorMerger', 'caret'
    
    See section 'The DESCRIPTION file' in the 'Writing R Extensions'
    manual.
Flavor: r-devel-linux-x86_64-debian-clang