CRAN Package Check Results for Package xslt

Last updated on 2020-08-09 15:48:02 CEST.

Flavor Version Tinstall Tcheck Ttotal Status Flags
r-devel-linux-x86_64-debian-clang 1.4.2 26.54 26.75 53.29 OK
r-devel-linux-x86_64-debian-gcc 1.4.2 19.67 21.12 40.79 OK
r-devel-linux-x86_64-fedora-clang 1.4.2 80.81 OK
r-devel-linux-x86_64-fedora-gcc 1.4.2 65.34 OK
r-devel-windows-ix86+x86_64 1.4.2 80.00 114.00 194.00 NOTE
r-patched-linux-x86_64 1.4.2 19.42 26.70 46.12 OK
r-patched-solaris-x86 1.4.2 75.10 OK
r-release-linux-x86_64 1.4.2 20.42 26.73 47.15 OK
r-release-macos-x86_64 1.4.2 NOTE
r-release-windows-ix86+x86_64 1.4.2 85.00 79.00 164.00 NOTE
r-oldrel-macos-x86_64 1.4.2 OK
r-oldrel-windows-ix86+x86_64 1.4.2 55.00 89.00 144.00 NOTE

Check Details

Version: 1.4.2
Check: installed package size
Result: NOTE
     installed size is 6.9Mb
     sub-directories of 1Mb or more:
     libs 6.8Mb
Flavors: r-devel-windows-ix86+x86_64, r-release-macos-x86_64, r-release-windows-ix86+x86_64, r-oldrel-windows-ix86+x86_64