CRAN Package Check Results for Package xrnet

Last updated on 2024-06-13 16:49:31 CEST.

Flavor Version Tinstall Tcheck Ttotal Status Flags
r-devel-linux-x86_64-debian-clang 0.1.7 118.21 59.52 177.73 NOTE
r-devel-linux-x86_64-debian-gcc 0.1.7 94.88 36.34 131.22 ERROR
r-devel-linux-x86_64-fedora-clang 0.1.7 228.33 NOTE
r-devel-linux-x86_64-fedora-gcc 0.1.7 301.13 NOTE
r-devel-windows-x86_64 0.1.7 87.00 95.00 182.00 NOTE
r-patched-linux-x86_64 0.1.7 127.56 66.34 193.90 NOTE
r-release-linux-x86_64 0.1.7 117.32 64.69 182.01 NOTE
r-release-macos-arm64 0.1.7 65.00 NOTE
r-release-macos-x86_64 0.1.7 84.00 NOTE
r-release-windows-x86_64 0.1.7 84.00 97.00 181.00 NOTE
r-oldrel-macos-arm64 0.1.7 78.00 NOTE
r-oldrel-macos-x86_64 0.1.7 128.00 NOTE
r-oldrel-windows-x86_64 0.1.7 105.00 110.00 215.00 NOTE

Additional issues

gcc-UBSAN

Check Details

Version: 0.1.7
Check: C++ specification
Result: NOTE Specified C++11: please drop specification unless essential Flavors: r-devel-linux-x86_64-debian-clang, r-devel-linux-x86_64-debian-gcc, r-devel-linux-x86_64-fedora-clang, r-devel-linux-x86_64-fedora-gcc, r-devel-windows-x86_64, r-patched-linux-x86_64, r-release-linux-x86_64, r-release-macos-arm64, r-release-macos-x86_64, r-release-windows-x86_64, r-oldrel-macos-arm64, r-oldrel-macos-x86_64, r-oldrel-windows-x86_64

Version: 0.1.7
Check: package dependencies
Result: NOTE Package suggested but not available for checking: ‘testthat’ Flavor: r-devel-linux-x86_64-debian-gcc

Version: 0.1.7
Check: tests
Result: ERROR Running ‘testthat.R’ [0s/1s] Running the tests in ‘tests/testthat.R’ failed. Complete output: > Sys.setenv("R_TESTS" = "") > library(testthat) Error in library(testthat) : there is no package called 'testthat' Execution halted Flavor: r-devel-linux-x86_64-debian-gcc

Version: 0.1.7
Check: installed package size
Result: NOTE installed size is 25.0Mb sub-directories of 1Mb or more: libs 24.5Mb Flavors: r-release-macos-arm64, r-release-macos-x86_64, r-oldrel-macos-arm64, r-oldrel-macos-x86_64