CRAN Package Check Results for Package xportr

Last updated on 2024-06-14 05:00:41 CEST.

Flavor Version Tinstall Tcheck Ttotal Status Flags
r-devel-linux-x86_64-debian-clang 0.4.0 6.79 92.58 99.37 OK
r-devel-linux-x86_64-debian-gcc 0.4.0 0.75 1.74 2.49 ERROR
r-devel-linux-x86_64-fedora-clang 0.4.0 128.19 OK
r-devel-linux-x86_64-fedora-gcc 0.4.0 136.35 OK
r-devel-windows-x86_64 0.4.0 8.00 97.00 105.00 OK
r-patched-linux-x86_64 0.4.0 5.03 88.99 94.02 OK
r-release-linux-x86_64 0.4.0 5.09 88.07 93.16 OK
r-release-macos-arm64 0.4.0 52.00 OK
r-release-macos-x86_64 0.4.0 68.00 OK
r-release-windows-x86_64 0.4.0 9.00 106.00 115.00 OK
r-oldrel-macos-arm64 0.4.0 52.00 OK
r-oldrel-macos-x86_64 0.4.0 120.00 OK
r-oldrel-windows-x86_64 0.4.0 9.00 109.00 118.00 OK

Check Details

Version: 0.4.0
Check: package dependencies
Result: ERROR Packages required but not available: 'dplyr', 'haven', 'purrr', 'readr', 'stringr', 'tidyselect' Packages suggested but not available for checking: 'labelled', 'metacore', 'readxl', 'testthat' See section ‘The DESCRIPTION file’ in the ‘Writing R Extensions’ manual. Flavor: r-devel-linux-x86_64-debian-gcc