CRAN Package Check Results for Package xplorerr

Last updated on 2024-05-19 04:56:00 CEST.

Flavor Version Tinstall Tcheck Ttotal Status Flags
r-devel-linux-x86_64-debian-clang 0.1.2 28.56 31.66 60.22 NOTE
r-devel-linux-x86_64-debian-gcc 0.1.2 20.26 24.47 44.73 NOTE
r-devel-linux-x86_64-fedora-clang 0.1.2 88.99 NOTE
r-devel-linux-x86_64-fedora-gcc 0.1.2 128.59 NOTE
r-devel-windows-x86_64 0.1.2 27.00 64.00 91.00 OK
r-patched-linux-x86_64 0.1.2 26.26 30.63 56.89 NOTE
r-release-linux-x86_64 0.1.2 28.19 30.87 59.06 NOTE
r-release-macos-arm64 0.1.2 27.00 NOTE
r-release-windows-x86_64 0.1.2 26.00 63.00 89.00 OK
r-oldrel-macos-arm64 0.1.2 27.00 OK
r-oldrel-macos-x86_64 0.1.2 39.00 OK
r-oldrel-windows-x86_64 0.1.2 32.00 72.00 104.00 OK

Check Details

Version: 0.1.2
Check: package dependencies
Result: NOTE Package suggested but not available for checking: ‘rbokeh’ Flavors: r-devel-linux-x86_64-debian-clang, r-devel-linux-x86_64-debian-gcc, r-devel-linux-x86_64-fedora-clang, r-devel-linux-x86_64-fedora-gcc, r-patched-linux-x86_64, r-release-linux-x86_64, r-release-macos-arm64