CRAN Package Check Results for Package xmrr

Last updated on 2020-08-09 15:48:02 CEST.

Flavor Version Tinstall Tcheck Ttotal Status Flags
r-devel-linux-x86_64-debian-clang 1.1.1 4.97 40.55 45.52 OK
r-devel-linux-x86_64-debian-gcc 1.1.1 3.96 31.01 34.97 OK
r-devel-linux-x86_64-fedora-clang 1.1.1 61.89 NOTE
r-devel-linux-x86_64-fedora-gcc 1.1.1 53.97 NOTE
r-devel-windows-ix86+x86_64 1.1.1 19.00 91.00 110.00 OK
r-patched-linux-x86_64 1.1.1 5.16 39.72 44.88 OK
r-patched-solaris-x86 1.1.1 86.60 NOTE
r-release-linux-x86_64 1.1.1 4.88 39.51 44.39 OK
r-release-macos-x86_64 1.1.1 NOTE
r-release-windows-ix86+x86_64 1.1.1 19.00 62.00 81.00 OK
r-oldrel-macos-x86_64 1.1.1 NOTE
r-oldrel-windows-ix86+x86_64 1.1.1 11.00 56.00 67.00 OK

Check Details

Version: 1.1.1
Check: dependencies in R code
Result: NOTE
    Namespaces in Imports field not imported from:
     ‘qpdf’ ‘rlang’ ‘tibble’
     All declared Imports should be used.
Flavors: r-devel-linux-x86_64-fedora-clang, r-devel-linux-x86_64-fedora-gcc, r-patched-solaris-x86, r-release-macos-x86_64, r-oldrel-macos-x86_64