CRAN Package Check Results for Package xmpdf

Last updated on 2024-02-29 04:54:32 CET.

Flavor Version Tinstall Tcheck Ttotal Status Flags
r-devel-linux-x86_64-debian-clang 0.1.4 6.53 94.70 101.23 OK
r-devel-linux-x86_64-debian-gcc 0.1.4 5.67 69.25 74.92 OK
r-devel-linux-x86_64-fedora-clang 0.1.4 129.17 NOTE
r-devel-linux-x86_64-fedora-gcc 0.1.4 141.13 NOTE
r-devel-windows-x86_64 0.1.4 7.00 71.00 78.00 OK
r-patched-linux-x86_64 0.1.4 8.18 91.09 99.27 OK
r-release-linux-x86_64 0.1.4 6.43 92.00 98.43 OK
r-release-macos-arm64 0.1.4 40.00 OK
r-release-macos-x86_64 0.1.4 111.00 OK
r-release-windows-x86_64 0.1.4 9.00 80.00 89.00 OK
r-oldrel-macos-arm64 0.1.4 36.00 OK
r-oldrel-windows-x86_64 0.1.4 9.00 80.00 89.00 OK

Check Details

Version: 0.1.4
Check: data for non-ASCII characters
Result: NOTE Note: found 3 marked UTF-8 strings Flavors: r-devel-linux-x86_64-fedora-clang, r-devel-linux-x86_64-fedora-gcc