CRAN Package Check Results for Package xmlconvert

Last updated on 2024-04-17 04:59:47 CEST.

Flavor Version Tinstall Tcheck Ttotal Status Flags
r-devel-linux-x86_64-debian-clang 0.1.2 2.67 28.24 30.91 NOTE
r-devel-linux-x86_64-debian-gcc 0.1.2 1.65 21.92 23.57 NOTE
r-devel-linux-x86_64-fedora-clang 0.1.2 39.45 NOTE
r-devel-linux-x86_64-fedora-gcc 0.1.2 37.07 NOTE
r-prerel-macos-arm64 0.1.2 17.00 NOTE
r-prerel-windows-x86_64 0.1.2 4.00 43.00 47.00 NOTE
r-patched-linux-x86_64 0.1.2 2.11 27.63 29.74 NOTE
r-release-linux-x86_64 0.1.2 1.56 27.16 28.72 OK
r-release-macos-arm64 0.1.2 17.00 OK
r-release-macos-x86_64 0.1.2 21.00 OK
r-release-windows-x86_64 0.1.2 4.00 43.00 47.00 OK
r-oldrel-macos-arm64 0.1.2 14.00 OK
r-oldrel-windows-x86_64 0.1.2 4.00 45.00 49.00 OK

Check Details

Version: 0.1.2
Check: Rd files
Result: NOTE checkRd: (-1) xml_to_df.Rd:144: Lost braces; missing escapes or markup? 144 | Default {NULL} means the workbook will not be protected with a password} | ^ Flavors: r-devel-linux-x86_64-debian-clang, r-devel-linux-x86_64-debian-gcc, r-devel-linux-x86_64-fedora-clang, r-devel-linux-x86_64-fedora-gcc, r-prerel-macos-arm64, r-prerel-windows-x86_64, r-patched-linux-x86_64