CRAN Package Check Results for Package xml2

Last updated on 2020-07-04 03:49:09 CEST.

Flavor Version Tinstall Tcheck Ttotal Status Flags
r-devel-linux-x86_64-debian-clang 1.3.2 15.44 37.25 52.69 OK
r-devel-linux-x86_64-debian-gcc 1.3.2 12.02 29.23 41.25 OK
r-devel-linux-x86_64-fedora-clang 1.3.2 81.85 OK
r-devel-linux-x86_64-fedora-gcc 1.3.2 67.12 OK
r-devel-windows-ix86+x86_64 1.3.2 4.00 6.00 10.00 ERROR
r-patched-linux-x86_64 1.3.2 13.46 37.55 51.01 OK
r-patched-solaris-x86 1.3.2 85.70 OK
r-release-linux-x86_64 1.3.2 12.38 37.62 50.00 OK
r-release-osx-x86_64 1.3.2 WARN
r-release-windows-ix86+x86_64 1.3.2 42.00 79.00 121.00 NOTE
r-oldrel-osx-x86_64 1.3.2 OK
r-oldrel-windows-ix86+x86_64 1.3.2 46.00 99.00 145.00 NOTE

Check Details

Version: 1.3.2
Check: whether package can be installed
Result: ERROR
    Installation failed.
Flavor: r-devel-windows-ix86+x86_64

Version: 1.3.2
Check: installed package size
Result: NOTE
     installed size is 6.3Mb
     sub-directories of 1Mb or more:
     libs 5.9Mb
Flavors: r-release-osx-x86_64, r-release-windows-ix86+x86_64, r-oldrel-windows-ix86+x86_64

Version: 1.3.2
Check: re-building of vignette outputs
Result: WARN
    Error(s) in re-building vignettes:
     ...
    --- re-building ‘modification.Rmd’ using rmarkdown
    Error: processing vignette 'modification.Rmd' failed with diagnostics:
    there is no package called 'stringi'
    --- failed re-building ‘modification.Rmd’
    
    SUMMARY: processing the following file failed:
     ‘modification.Rmd’
    
    Error: Vignette re-building failed.
    Execution halted
Flavor: r-release-osx-x86_64