CRAN Package Check Results for Package xgboost

Last updated on 2020-08-06 04:48:25 CEST.

Flavor Version Tinstall Tcheck Ttotal Status Flags
r-devel-linux-x86_64-debian-clang 1.1.1.1 180.71 230.68 411.39 NOTE
r-devel-linux-x86_64-debian-gcc 1.1.1.1 183.90 181.27 365.17 NOTE
r-devel-linux-x86_64-fedora-clang 1.1.1.1 592.86 NOTE
r-devel-linux-x86_64-fedora-gcc 1.1.1.1 514.12 NOTE
r-devel-windows-ix86+x86_64 1.1.1.1 349.00 310.00 659.00 NOTE
r-patched-linux-x86_64 1.1.1.1 201.06 208.50 409.56 NOTE
r-patched-solaris-x86 1.1.1.1 541.00 NOTE
r-release-linux-x86_64 1.1.1.1 191.24 208.01 399.25 NOTE
r-release-macos-x86_64 1.1.1.1 WARN
r-release-windows-ix86+x86_64 1.1.1.1 336.00 427.00 763.00 NOTE
r-oldrel-macos-x86_64 1.1.1.1 NOTE
r-oldrel-windows-ix86+x86_64 1.1.1.1 270.00 379.00 649.00 NOTE

Check Details

Version: 1.1.1.1
Check: for GNU extensions in Makefiles
Result: NOTE
    GNU make is a SystemRequirements.
Flavors: r-devel-linux-x86_64-debian-clang, r-devel-linux-x86_64-debian-gcc, r-devel-linux-x86_64-fedora-clang, r-devel-linux-x86_64-fedora-gcc, r-devel-windows-ix86+x86_64, r-patched-linux-x86_64, r-patched-solaris-x86, r-release-linux-x86_64, r-release-macos-x86_64, r-release-windows-ix86+x86_64, r-oldrel-macos-x86_64, r-oldrel-windows-ix86+x86_64

Version: 1.1.1.1
Check: installed package size
Result: NOTE
     installed size is 37.9Mb
     sub-directories of 1Mb or more:
     libs 37.0Mb
Flavors: r-devel-linux-x86_64-fedora-clang, r-devel-windows-ix86+x86_64, r-release-macos-x86_64, r-release-windows-ix86+x86_64, r-oldrel-macos-x86_64, r-oldrel-windows-ix86+x86_64

Version: 1.1.1.1
Check: whether package can be installed
Result: WARN
    Found the following significant warnings:
     WARNING: OpenMP is unavailable on this Mac OSX system. Training speed may be suboptimal.
Flavor: r-release-macos-x86_64