CRAN Package Check Results for Package xergm.common

Last updated on 2024-04-23 16:58:34 CEST.

Flavor Version Tinstall Tcheck Ttotal Status Flags
r-devel-linux-x86_64-debian-clang 1.7.8 11.30 97.80 109.10 NOTE
r-devel-linux-x86_64-debian-gcc 1.7.8 9.52 72.22 81.74 NOTE
r-devel-linux-x86_64-fedora-clang 1.7.8 137.55 NOTE
r-devel-linux-x86_64-fedora-gcc 1.7.8 128.62 NOTE
r-prerel-macos-arm64 1.7.8 41.00 NOTE
r-prerel-windows-x86_64 1.7.8 11.00 84.00 95.00 NOTE
r-patched-linux-x86_64 1.7.8 10.81 93.80 104.61 NOTE
r-release-linux-x86_64 1.7.8 11.55 95.50 107.05 OK
r-release-macos-arm64 1.7.8 45.00 OK
r-release-macos-x86_64 1.7.8 71.00 OK
r-release-windows-x86_64 1.7.8 14.00 99.00 113.00 OK
r-oldrel-macos-arm64 1.7.8 35.00 OK
r-oldrel-windows-x86_64 1.7.8 15.00 104.00 119.00 OK

Check Details

Version: 1.7.8
Check: Rd files
Result: NOTE checkRd: (-1) chemnet.Rd:111: Lost braces in \itemize; meant \describe ? checkRd: (-1) chemnet.Rd:112: Lost braces in \itemize; meant \describe ? checkRd: (-1) knecht.Rd:103: Lost braces in \itemize; meant \describe ? checkRd: (-1) knecht.Rd:104: Lost braces in \itemize; meant \describe ? checkRd: (-1) knecht.Rd:105: Lost braces in \itemize; meant \describe ? Flavors: r-devel-linux-x86_64-debian-clang, r-devel-linux-x86_64-debian-gcc, r-devel-linux-x86_64-fedora-clang, r-devel-linux-x86_64-fedora-gcc, r-prerel-macos-arm64, r-prerel-windows-x86_64, r-patched-linux-x86_64

Version: 1.7.8
Check: Rd cross-references
Result: NOTE Undeclared package ‘RSiena’ in Rd xrefs Flavor: r-devel-linux-x86_64-fedora-clang