Last updated on 2023-12-01 04:54:14 CET.
Flavor | Version | Tinstall | Tcheck | Ttotal | Status | Flags |
---|---|---|---|---|---|---|
r-devel-linux-x86_64-debian-clang | 1.9.0 | 28.48 | 444.59 | 473.07 | NOTE | |
r-devel-linux-x86_64-debian-gcc | 1.9.0 | 24.22 | 318.85 | 343.07 | NOTE | |
r-devel-linux-x86_64-fedora-clang | 1.9.0 | 465.86 | OK | |||
r-devel-linux-x86_64-fedora-gcc | 1.9.0 | 568.95 | OK | |||
r-devel-windows-x86_64 | 1.9.0 | 26.00 | 373.00 | 399.00 | OK | |
r-patched-linux-x86_64 | 1.9.0 | 29.92 | 419.48 | 449.40 | OK | |
r-release-linux-x86_64 | 1.9.0 | 20.14 | 411.94 | 432.08 | OK | |
r-release-macos-arm64 | 1.9.0 | 145.00 | OK | |||
r-release-macos-x86_64 | 1.9.0 | 322.00 | OK | |||
r-release-windows-x86_64 | 1.9.0 | 37.00 | 511.00 | 548.00 | OK | |
r-oldrel-macos-arm64 | 1.9.0 | 135.00 | OK | |||
r-oldrel-macos-x86_64 | 1.9.0 | 189.00 | OK | |||
r-oldrel-windows-x86_64 | 1.9.0 | 37.00 | 448.00 | 485.00 | OK |
Version: 1.9.0
Check: Rd files
Result: NOTE
checkRd: (-1) theme_wpa.Rd:16: Lost braces; missing escapes or markup?
16 | you can use this font, install and load {extrafont} prior to
| ^
Flavors: r-devel-linux-x86_64-debian-clang, r-devel-linux-x86_64-debian-gcc