Last updated on 2023-11-30 16:49:42 CET.
Flavor | Version | Tinstall | Tcheck | Ttotal | Status | Flags |
---|---|---|---|---|---|---|
r-devel-linux-x86_64-debian-clang | 0.1.2 | 42.54 | 77.09 | 119.63 | OK | |
r-devel-linux-x86_64-debian-gcc | 0.1.2 | 40.64 | 56.83 | 97.47 | OK | |
r-devel-linux-x86_64-fedora-clang | 0.1.2 | 166.12 | NOTE | |||
r-devel-linux-x86_64-fedora-gcc | 0.1.2 | 126.67 | NOTE | |||
r-devel-windows-x86_64 | 0.1.2 | 40.00 | 79.00 | 119.00 | OK | |
r-patched-linux-x86_64 | 0.1.2 | 35.64 | 70.98 | 106.62 | OK | |
r-release-linux-x86_64 | 0.1.2 | 33.77 | 70.92 | 104.69 | OK | |
r-release-macos-arm64 | 0.1.2 | 66.00 | NOTE | |||
r-release-macos-x86_64 | 0.1.2 | 85.00 | NOTE | |||
r-release-windows-x86_64 | 0.1.2 | 51.00 | 92.00 | 143.00 | OK | |
r-oldrel-macos-arm64 | 0.1.2 | 70.00 | NOTE | |||
r-oldrel-macos-x86_64 | 0.1.2 | 94.00 | NOTE | |||
r-oldrel-windows-x86_64 | 0.1.2 | 55.00 | 93.00 | 148.00 | OK |
Version: 0.1.2
Check: dependencies in R code
Result: NOTE
Namespaces in Imports field not imported from:
‘ggplot2’ ‘ggthemes’ ‘plotly’ ‘shinythemes’
All declared Imports should be used.
Flavors: r-devel-linux-x86_64-fedora-clang, r-devel-linux-x86_64-fedora-gcc, r-oldrel-macos-arm64, r-oldrel-macos-x86_64
Version: 0.1.2
Check: installed package size
Result: NOTE
installed size is 5.5Mb
sub-directories of 1Mb or more:
data 5.1Mb
Flavors: r-release-macos-arm64, r-release-macos-x86_64, r-oldrel-macos-arm64