CRAN Package Check Results for Package wikilake

Last updated on 2020-08-07 15:49:00 CEST.

Flavor Version Tinstall Tcheck Ttotal Status Flags
r-devel-linux-x86_64-debian-clang 0.4 4.70 41.76 46.46 OK
r-devel-linux-x86_64-debian-gcc 0.4 3.67 32.77 36.44 OK
r-devel-linux-x86_64-fedora-clang 0.4 63.46 NOTE
r-devel-linux-x86_64-fedora-gcc 0.4 54.85 NOTE
r-devel-windows-ix86+x86_64 0.4 17.00 60.00 77.00 OK
r-patched-linux-x86_64 0.4 4.66 41.50 46.16 OK
r-patched-solaris-x86 0.4 86.00 NOTE
r-release-linux-x86_64 0.4 4.28 41.10 45.38 OK
r-release-macos-x86_64 0.4 NOTE
r-release-windows-ix86+x86_64 0.4 16.00 94.00 110.00 OK
r-oldrel-macos-x86_64 0.4 NOTE
r-oldrel-windows-ix86+x86_64 0.4 8.00 58.00 66.00 OK

Check Details

Version: 0.4
Check: data for non-ASCII characters
Result: NOTE
     Note: found 2 marked UTF-8 strings
Flavors: r-devel-linux-x86_64-fedora-clang, r-devel-linux-x86_64-fedora-gcc, r-patched-solaris-x86, r-release-macos-x86_64, r-oldrel-macos-x86_64