Last updated on 2023-12-04 16:53:46 CET.
Flavor | Version | Tinstall | Tcheck | Ttotal | Status | Flags |
---|---|---|---|---|---|---|
r-devel-linux-x86_64-debian-clang | 0.0.1.0 | 5.93 | 56.78 | 62.71 | NOTE | |
r-devel-linux-x86_64-debian-gcc | 0.0.1.0 | 5.58 | 42.47 | 48.05 | NOTE | |
r-devel-linux-x86_64-fedora-clang | 0.0.1.0 | 82.43 | NOTE | |||
r-devel-linux-x86_64-fedora-gcc | 0.0.1.0 | 74.11 | NOTE | |||
r-devel-windows-x86_64 | 0.0.1.0 | 7.00 | 62.00 | 69.00 | NOTE | |
r-patched-linux-x86_64 | 0.0.1.0 | 4.25 | 53.46 | 57.71 | NOTE | |
r-release-linux-x86_64 | 0.0.1.0 | 4.00 | 52.40 | 56.40 | NOTE | |
r-release-macos-arm64 | 0.0.1.0 | 30.00 | NOTE | |||
r-release-macos-x86_64 | 0.0.1.0 | 38.00 | NOTE | |||
r-release-windows-x86_64 | 0.0.1.0 | 9.00 | 69.00 | 78.00 | NOTE | |
r-oldrel-macos-arm64 | 0.0.1.0 | 24.00 | NOTE | |||
r-oldrel-macos-x86_64 | 0.0.1.0 | 52.00 | NOTE | |||
r-oldrel-windows-x86_64 | 0.0.1.0 | 9.00 | 75.00 | 84.00 | NOTE |
Version: 0.0.1.0
Check: package dependencies
Result: NOTE
Package suggested but not available for checking: ‘rgdal’
Flavors: r-devel-linux-x86_64-debian-clang, r-devel-linux-x86_64-debian-gcc, r-devel-linux-x86_64-fedora-clang, r-devel-linux-x86_64-fedora-gcc, r-patched-linux-x86_64, r-release-linux-x86_64
Version: 0.0.1.0
Check: Rd \usage sections
Result: NOTE
Documented arguments not in \usage in Rd file 'displayDataTable.Rd':
‘id’
Functions with \usage entries need to have the appropriate \alias
entries, and all their arguments documented.
The \usage entries must correspond to syntactically valid R code.
See chapter ‘Writing R documentation files’ in the ‘Writing R
Extensions’ manual.
Flavors: r-devel-linux-x86_64-debian-clang, r-devel-linux-x86_64-debian-gcc, r-devel-linux-x86_64-fedora-clang, r-devel-linux-x86_64-fedora-gcc, r-devel-windows-x86_64
Version: 0.0.1.0
Check: LazyData
Result: NOTE
'LazyData' is specified without a 'data' directory
Flavors: r-devel-linux-x86_64-debian-clang, r-devel-linux-x86_64-debian-gcc, r-devel-linux-x86_64-fedora-clang, r-devel-linux-x86_64-fedora-gcc, r-devel-windows-x86_64, r-patched-linux-x86_64, r-release-linux-x86_64, r-release-macos-arm64, r-release-macos-x86_64, r-release-windows-x86_64, r-oldrel-macos-arm64, r-oldrel-macos-x86_64, r-oldrel-windows-x86_64