CRAN Package Check Results for Package wflo

Last updated on 2020-11-30 03:47:57 CET.

Flavor Version Tinstall Tcheck Ttotal Status Flags
r-devel-linux-x86_64-debian-clang 1.6 7.55 477.25 484.80 OK
r-devel-linux-x86_64-debian-gcc 1.6 5.48 345.90 351.38 OK
r-devel-linux-x86_64-fedora-clang 1.6 561.66 NOTE
r-devel-linux-x86_64-fedora-gcc 1.6 337.54 NOTE
r-devel-windows-ix86+x86_64 1.6 12.00 504.00 516.00 OK
r-patched-linux-x86_64 1.6 4.92 494.46 499.38 OK
r-patched-solaris-x86 1.6 562.90 NOTE
r-release-linux-x86_64 1.5 4.26 426.08 430.34 OK
r-release-macos-x86_64 1.6 NOTE
r-release-windows-ix86+x86_64 1.5 7.00 383.00 390.00 OK
r-oldrel-macos-x86_64 1.6 NOTE
r-oldrel-windows-ix86+x86_64 1.5 7.00 329.00 336.00 OK

Check Details

Version: 1.6
Check: dependencies in R code
Result: NOTE
    Namespace in Imports field not imported from: ‘rgdal’
     All declared Imports should be used.
Flavors: r-devel-linux-x86_64-fedora-clang, r-devel-linux-x86_64-fedora-gcc, r-patched-solaris-x86, r-release-macos-x86_64, r-oldrel-macos-x86_64