CRAN Package Check Results for Package wfe

Last updated on 2023-12-02 16:49:32 CET.

Flavor Version Tinstall Tcheck Ttotal Status Flags
r-devel-linux-x86_64-debian-clang 1.9.1 18.32 89.83 108.15 NOTE
r-devel-linux-x86_64-debian-gcc 1.9.1 13.94 68.99 82.93 NOTE
r-devel-linux-x86_64-fedora-clang 1.9.1 141.87 NOTE
r-devel-linux-x86_64-fedora-gcc 1.9.1 129.00 NOTE
r-devel-windows-x86_64 1.9.1 16.00 86.00 102.00 NOTE
r-patched-linux-x86_64 1.9.1 15.41 89.39 104.80 NOTE
r-release-linux-x86_64 1.9.1 13.60 86.61 100.21 NOTE
r-release-macos-arm64 1.9.1 43.00 NOTE
r-release-macos-x86_64 1.9.1 67.00 NOTE
r-release-windows-x86_64 1.9.1 20.00 103.00 123.00 NOTE
r-oldrel-macos-arm64 1.9.1 39.00 NOTE
r-oldrel-macos-x86_64 1.9.1 65.00 NOTE
r-oldrel-windows-x86_64 1.9.1 21.00 98.00 119.00 NOTE

Check Details

Version: 1.9.1
Check: LazyData
Result: NOTE 'LazyData' is specified without a 'data' directory Flavors: r-devel-linux-x86_64-debian-clang, r-devel-linux-x86_64-debian-gcc, r-devel-linux-x86_64-fedora-clang, r-devel-linux-x86_64-fedora-gcc, r-devel-windows-x86_64, r-patched-linux-x86_64, r-release-linux-x86_64, r-release-macos-arm64, r-release-macos-x86_64, r-release-windows-x86_64, r-oldrel-macos-arm64, r-oldrel-macos-x86_64, r-oldrel-windows-x86_64