CRAN Package Check Results for Package webtrackR

Last updated on 2024-02-25 04:51:22 CET.

Flavor Version Tinstall Tcheck Ttotal Status Flags
r-devel-linux-x86_64-debian-clang 0.1.0 5.35 54.50 59.85 OK
r-devel-linux-x86_64-debian-gcc 0.1.0 4.65 40.20 44.85 OK
r-devel-linux-x86_64-fedora-clang 0.1.0 71.71 NOTE
r-devel-linux-x86_64-fedora-gcc 0.1.0 74.71 NOTE
r-devel-windows-x86_64 0.1.0 7.00 63.00 70.00 OK
r-patched-linux-x86_64 0.1.0 8.32 51.28 59.60 OK
r-release-linux-x86_64 0.1.0 5.42 51.74 57.16 OK
r-release-macos-arm64 0.1.0 25.00 OK
r-release-macos-x86_64 0.1.0 57.00 OK
r-release-windows-x86_64 0.1.0 10.00 68.00 78.00 OK
r-oldrel-macos-arm64 0.1.0 26.00 OK
r-oldrel-windows-x86_64 0.1.0 9.00 72.00 81.00 OK

Check Details

Version: 0.1.0
Check: data for non-ASCII characters
Result: NOTE Note: found 14 marked UTF-8 strings Flavors: r-devel-linux-x86_64-fedora-clang, r-devel-linux-x86_64-fedora-gcc