Last updated on 2023-11-29 16:52:08 CET.
Flavor | Version | Tinstall | Tcheck | Ttotal | Status | Flags |
---|---|---|---|---|---|---|
r-devel-linux-x86_64-debian-clang | 1.2.1 | 11.97 | 64.27 | 76.24 | OK | |
r-devel-linux-x86_64-debian-gcc | 1.2.1 | 9.19 | 49.58 | 58.77 | OK | |
r-devel-linux-x86_64-fedora-clang | 1.2.1 | 99.03 | OK | |||
r-devel-linux-x86_64-fedora-gcc | 1.2.1 | 94.18 | OK | |||
r-devel-windows-x86_64 | 1.2.1 | 16.00 | 88.00 | 104.00 | WARN | |
r-patched-linux-x86_64 | 1.2.1 | 12.60 | 63.22 | 75.82 | OK | |
r-release-linux-x86_64 | 1.2.1 | 11.09 | 63.72 | 74.81 | OK | |
r-release-macos-arm64 | 1.2.1 | 48.00 | OK | |||
r-release-macos-x86_64 | 1.2.1 | 93.00 | OK | |||
r-release-windows-x86_64 | 1.2.1 | 16.00 | 97.00 | 113.00 | OK | |
r-oldrel-macos-arm64 | 1.2.1 | 52.00 | OK | |||
r-oldrel-macos-x86_64 | 1.2.1 | 68.00 | OK | |||
r-oldrel-windows-x86_64 | 1.2.1 | 20.00 | 90.00 | 110.00 | OK |
Version: 1.2.1
Check: whether package can be installed
Result: WARN
Found the following significant warnings:
errors.c:59:28: warning: format '%d' expects argument of type 'int', but argument 3 has type 'DWORD' {aka 'long unsigned int'} [-Wformat=]
See 'd:/Rcompile/CRANpkg/local/4.4/webfakes.Rcheck/00install.out' for details.
* used C compiler: 'gcc.exe (GCC) 12.3.0'
Flavor: r-devel-windows-x86_64