CRAN Package Check Results for Package wdpar

Last updated on 2024-03-02 16:55:01 CET.

Flavor Version Tinstall Tcheck Ttotal Status Flags
r-devel-linux-x86_64-debian-clang 1.3.7 5.73 78.72 84.45 NOTE
r-devel-linux-x86_64-debian-gcc 1.3.7 4.41 59.13 63.54 NOTE
r-devel-linux-x86_64-fedora-clang 1.3.7 101.03 NOTE
r-devel-linux-x86_64-fedora-gcc 1.3.7 117.11 NOTE
r-devel-windows-x86_64 1.3.7 7.00 74.00 81.00 NOTE
r-patched-linux-x86_64 1.3.7 6.46 74.81 81.27 NOTE
r-release-linux-x86_64 1.3.7 5.38 74.88 80.26 NOTE
r-release-macos-arm64 1.3.7 39.00 NOTE
r-release-macos-x86_64 1.3.7 119.00 NOTE
r-release-windows-x86_64 1.3.7 9.00 87.00 96.00 NOTE
r-oldrel-macos-arm64 1.3.7 38.00 NOTE
r-oldrel-windows-x86_64 1.3.7 9.00 90.00 99.00 NOTE

Check Details

Version: 1.3.7
Check: package dependencies
Result: NOTE Package suggested but not available for checking: ‘prepr’ Flavors: r-devel-linux-x86_64-debian-clang, r-devel-linux-x86_64-debian-gcc, r-devel-linux-x86_64-fedora-clang, r-devel-linux-x86_64-fedora-gcc, r-devel-windows-x86_64, r-patched-linux-x86_64, r-release-linux-x86_64, r-release-macos-arm64, r-release-macos-x86_64, r-release-windows-x86_64, r-oldrel-macos-arm64, r-oldrel-windows-x86_64

Version: 1.3.7
Check: Rd files
Result: NOTE checkRd: (-1) wdpa_clean.Rd:23: Lost braces 23 | \item{crs}{\code{character} or code{integer} object representing a | ^ Flavors: r-devel-linux-x86_64-debian-clang, r-devel-linux-x86_64-debian-gcc, r-devel-linux-x86_64-fedora-clang, r-devel-linux-x86_64-fedora-gcc