Last updated on 2023-09-29 05:06:20 CEST.
Flavor | Version | Tinstall | Tcheck | Ttotal | Status | Flags |
---|---|---|---|---|---|---|
r-devel-linux-x86_64-debian-clang | 0.4.2 | 7.64 | 549.50 | 557.14 | OK | |
r-devel-linux-x86_64-debian-gcc | 0.4.2 | 6.66 | 411.36 | 418.02 | OK | |
r-devel-linux-x86_64-fedora-clang | 0.4.2 | 677.61 | NOTE | |||
r-devel-linux-x86_64-fedora-gcc | 0.4.2 | 743.25 | NOTE | |||
r-devel-windows-x86_64 | 0.4.2 | 10.00 | 329.00 | 339.00 | OK | |
r-patched-linux-x86_64 | 0.4.2 | 7.13 | 568.03 | 575.16 | OK | |
r-release-linux-x86_64 | 0.4.2 | 7.23 | 566.62 | 573.85 | OK | |
r-release-macos-arm64 | 0.4.2 | 171.00 | OK | |||
r-release-macos-x86_64 | 0.4.2 | 330.00 | OK | |||
r-release-windows-x86_64 | 0.4.2 | 11.00 | 443.00 | 454.00 | OK | |
r-oldrel-macos-arm64 | 0.4.2 | 167.00 | OK | |||
r-oldrel-macos-x86_64 | 0.4.2 | 214.00 | OK | |||
r-oldrel-windows-x86_64 | 0.4.2 | 13.00 | 357.00 | 370.00 | OK |
Version: 0.4.2
Check: data for non-ASCII characters
Result: NOTE
Note: found 1 marked UTF-8 string
Flavors: r-devel-linux-x86_64-fedora-clang, r-devel-linux-x86_64-fedora-gcc