Last updated on 2023-12-10 16:51:39 CET.
Flavor | Version | Tinstall | Tcheck | Ttotal | Status | Flags |
---|---|---|---|---|---|---|
r-devel-linux-x86_64-debian-clang | 1.0.5 | 18.25 | 37.98 | 56.23 | OK | |
r-devel-linux-x86_64-debian-gcc | 1.0.5 | 14.15 | 28.96 | 43.11 | OK | |
r-devel-linux-x86_64-fedora-clang | 1.0.5 | 72.32 | NOTE | |||
r-devel-linux-x86_64-fedora-gcc | 1.0.5 | 69.00 | NOTE | |||
r-devel-windows-x86_64 | 1.0.5 | 17.00 | 50.00 | 67.00 | OK | |
r-patched-linux-x86_64 | 1.0.5 | 13.64 | 36.93 | 50.57 | OK | |
r-release-linux-x86_64 | 1.0.5 | 18.93 | 36.88 | 55.81 | OK | |
r-release-macos-arm64 | 1.0.5 | 27.00 | OK | |||
r-release-macos-x86_64 | 1.0.5 | 38.00 | OK | |||
r-release-windows-x86_64 | 1.0.5 | 20.00 | 53.00 | 73.00 | OK | |
r-oldrel-macos-arm64 | 1.0.5 | 26.00 | NOTE | |||
r-oldrel-macos-x86_64 | 1.0.5 | 32.00 | NOTE | |||
r-oldrel-windows-x86_64 | 1.0.5 | 20.00 | 56.00 | 76.00 | OK |
Version: 1.0.5
Check: dependencies in R code
Result: NOTE
Namespaces in Imports field not imported from:
‘R6’ ‘WRS2’ ‘ggplot2’
All declared Imports should be used.
Flavors: r-devel-linux-x86_64-fedora-clang, r-devel-linux-x86_64-fedora-gcc, r-oldrel-macos-arm64, r-oldrel-macos-x86_64