CRAN Package Check Results for Package wallace

Last updated on 2020-08-04 03:48:09 CEST.

Flavor Version Tinstall Tcheck Ttotal Status Flags
r-devel-linux-x86_64-debian-clang 1.0.6.2 3.81 29.63 33.44 OK
r-devel-linux-x86_64-debian-gcc 1.0.6.2 3.08 23.31 26.39 OK
r-devel-linux-x86_64-fedora-clang 1.0.6.2 49.19 NOTE
r-devel-linux-x86_64-fedora-gcc 1.0.6.2 38.77 NOTE
r-devel-windows-ix86+x86_64 1.0.6.2 23.00 46.00 69.00 OK
r-patched-linux-x86_64 1.0.6.2 2.45 29.41 31.86 OK
r-patched-solaris-x86 1.0.6.2 59.40 NOTE
r-release-linux-x86_64 1.0.6.2 3.70 29.35 33.05 OK
r-release-macos-x86_64 1.0.6.2 NOTE
r-release-windows-ix86+x86_64 1.0.6.2 25.00 50.00 75.00 OK
r-oldrel-macos-x86_64 1.0.6.2 NOTE
r-oldrel-windows-ix86+x86_64 1.0.6.2 6.00 41.00 47.00 OK

Check Details

Version: 1.0.6.2
Check: dependencies in R code
Result: NOTE
    Namespaces in Imports field not imported from:
     ‘DT’ ‘ENMeval’ ‘RColorBrewer’ ‘XML’ ‘dismo’ ‘dplyr’ ‘leaflet.extras’
     ‘maptools’ ‘raster’ ‘rgdal’ ‘rgeos’ ‘rmarkdown’ ‘shinyjs’
     ‘shinythemes’ ‘spThin’ ‘spocc’ ‘testthat’ ‘zip’
     All declared Imports should be used.
Flavors: r-devel-linux-x86_64-fedora-clang, r-devel-linux-x86_64-fedora-gcc, r-patched-solaris-x86, r-release-macos-x86_64, r-oldrel-macos-x86_64