CRAN Package Check Results for Package wactor

Last updated on 2024-03-01 16:49:36 CET.

Flavor Version Tinstall Tcheck Ttotal Status Flags
r-devel-linux-x86_64-debian-clang 0.0.1 2.89 39.31 42.20 NOTE
r-devel-linux-x86_64-debian-gcc 0.0.1 2.44 29.73 32.17 NOTE
r-devel-linux-x86_64-fedora-clang 0.0.1 53.72 NOTE
r-devel-linux-x86_64-fedora-gcc 0.0.1 49.50 NOTE
r-devel-windows-x86_64 0.0.1 4.00 52.00 56.00 NOTE
r-patched-linux-x86_64 0.0.1 3.73 38.79 42.52 NOTE
r-release-linux-x86_64 0.0.1 3.58 38.60 42.18 NOTE
r-release-macos-arm64 0.0.1 23.00 NOTE
r-release-macos-x86_64 0.0.1 31.00 NOTE
r-release-windows-x86_64 0.0.1 5.00 55.00 60.00 NOTE
r-oldrel-macos-arm64 0.0.1 21.00 NOTE
r-oldrel-windows-x86_64 0.0.1 5.00 61.00 66.00 NOTE

Check Details

Version: 0.0.1
Check: LazyData
Result: NOTE 'LazyData' is specified without a 'data' directory Flavors: r-devel-linux-x86_64-debian-clang, r-devel-linux-x86_64-debian-gcc, r-devel-linux-x86_64-fedora-clang, r-devel-linux-x86_64-fedora-gcc, r-devel-windows-x86_64, r-patched-linux-x86_64, r-release-linux-x86_64, r-release-macos-arm64, r-release-macos-x86_64, r-release-windows-x86_64, r-oldrel-macos-arm64, r-oldrel-windows-x86_64

Version: 0.0.1
Check: dependencies in R code
Result: NOTE Namespaces in Imports field not imported from: ‘Matrix’ ‘R6’ All declared Imports should be used. Flavors: r-devel-linux-x86_64-fedora-clang, r-devel-linux-x86_64-fedora-gcc, r-oldrel-macos-arm64