CRAN Package Check Results for Package vsp

Last updated on 2024-02-28 16:50:51 CET.

Flavor Version Tinstall Tcheck Ttotal Status Flags
r-devel-linux-x86_64-debian-clang 0.1.1 10.64 112.65 123.29 OK
r-devel-linux-x86_64-debian-gcc 0.1.1 8.67 84.64 93.31 OK
r-devel-linux-x86_64-fedora-clang 0.1.1 150.74 NOTE
r-devel-linux-x86_64-fedora-gcc 0.1.1 160.25 OK
r-devel-windows-x86_64 0.1.1 11.00 96.00 107.00 OK
r-patched-linux-x86_64 0.1.1 14.45 108.93 123.38 OK
r-release-linux-x86_64 0.1.1 9.39 109.31 118.70 OK
r-release-macos-arm64 0.1.1 50.00 OK
r-release-macos-x86_64 0.1.1 87.00 OK
r-release-windows-x86_64 0.1.1 14.00 115.00 129.00 OK
r-oldrel-macos-arm64 0.1.1 53.00 OK
r-oldrel-windows-x86_64 0.1.1 14.00 123.00 137.00 OK

Check Details

Version: 0.1.1
Check: Rd cross-references
Result: NOTE Undeclared package ‘progress’ in Rd xrefs Flavor: r-devel-linux-x86_64-fedora-clang