CRAN Package Check Results for Package volleystat

Last updated on 2020-08-09 15:48:02 CEST.

Flavor Version Tinstall Tcheck Ttotal Status Flags
r-devel-linux-x86_64-debian-clang 0.2.0 2.78 35.42 38.20 OK
r-devel-linux-x86_64-debian-gcc 0.2.0 2.11 27.71 29.82 OK
r-devel-linux-x86_64-fedora-clang 0.2.0 53.49 NOTE
r-devel-linux-x86_64-fedora-gcc 0.2.0 45.62 NOTE
r-devel-windows-ix86+x86_64 0.2.0 10.00 64.00 74.00 OK
r-patched-linux-x86_64 0.2.0 2.94 34.81 37.75 OK
r-patched-solaris-x86 0.2.0 70.80 NOTE
r-release-linux-x86_64 0.2.0 2.65 35.55 38.20 OK
r-release-macos-x86_64 0.2.0 NOTE
r-release-windows-ix86+x86_64 0.2.0 9.00 46.00 55.00 OK
r-oldrel-macos-x86_64 0.2.0 NOTE
r-oldrel-windows-ix86+x86_64 0.2.0 5.00 52.00 57.00 OK

Check Details

Version: 0.2.0
Check: data for non-ASCII characters
Result: NOTE
     Note: found 4954 marked UTF-8 strings
Flavors: r-devel-linux-x86_64-fedora-clang, r-devel-linux-x86_64-fedora-gcc, r-patched-solaris-x86, r-release-macos-x86_64, r-oldrel-macos-x86_64