CRAN Package Check Results for Package vmsbase

Last updated on 2020-08-14 03:48:03 CEST.

Flavor Version Tinstall Tcheck Ttotal Status Flags
r-devel-linux-x86_64-debian-clang 2.2.1 0.71 2.39 3.10 ERROR
r-devel-linux-x86_64-debian-gcc 2.2.1 42.40 187.64 230.04 OK
r-devel-linux-x86_64-fedora-clang 2.2.1 317.38 NOTE
r-devel-linux-x86_64-fedora-gcc 2.2.1 469.97 OK
r-devel-windows-ix86+x86_64 2.2.1 96.00 286.00 382.00 OK
r-patched-linux-x86_64 2.2.1 43.74 207.90 251.64 OK
r-patched-solaris-x86 2.2.1 468.90 OK
r-release-linux-x86_64 2.2.1 46.32 208.32 254.64 OK
r-release-macos-x86_64 2.2.1 OK
r-release-windows-ix86+x86_64 2.2.1 96.00 299.00 395.00 OK
r-oldrel-macos-x86_64 2.2.1 ERROR
r-oldrel-windows-ix86+x86_64 2.2.1 58.00 207.00 265.00 OK

Check Details

Version: 2.2.1
Check: package dependencies
Result: ERROR
    Package required but not available: 'ggmap'
    
    See section 'The DESCRIPTION file' in the 'Writing R Extensions'
    manual.
Flavor: r-devel-linux-x86_64-debian-clang

Version: 2.2.1
Check: package dependencies
Result: NOTE
    Imports includes 23 non-default packages.
    Importing from so many packages makes the package vulnerable to any of
    them becoming unavailable. Move as many as possible to Suggests and
    use conditionally.
Flavor: r-devel-linux-x86_64-fedora-clang

Version: 2.2.1
Check: package dependencies
Result: ERROR
    Package required but not available: ‘gWidgets2RGtk2’
    
    See section ‘The DESCRIPTION file’ in the ‘Writing R Extensions’
    manual.
Flavor: r-oldrel-macos-x86_64