CRAN Package Check Results for Package vlda

Last updated on 2024-02-27 16:49:32 CET.

Flavor Version Tinstall Tcheck Ttotal Status Flags
r-devel-linux-x86_64-debian-clang 1.1.5 8.18 70.61 78.79 WARN
r-devel-linux-x86_64-debian-gcc 1.1.5 6.65 55.51 62.16 WARN
r-devel-linux-x86_64-fedora-clang 1.1.5 96.42 WARN
r-devel-linux-x86_64-fedora-gcc 1.1.5 100.84 WARN
r-devel-windows-x86_64 1.1.5 8.00 71.00 79.00 OK
r-patched-linux-x86_64 1.1.5 7.96 70.57 78.53 OK
r-release-linux-x86_64 1.1.5 4.82 70.14 74.96 OK
r-release-macos-arm64 1.1.5 34.00 OK
r-release-macos-x86_64 1.1.5 51.00 OK
r-release-windows-x86_64 1.1.5 10.00 84.00 94.00 WARN
r-oldrel-macos-arm64 1.1.5 32.00 OK
r-oldrel-windows-x86_64 1.1.5 9.00 88.00 97.00 WARN

Check Details

Version: 1.1.5
Check: examples
Result: WARN Found the following significant warnings: Warning in ggiraph(code = { : 'ggiraph' is deprecated. Warning in ggiraph(code = { : 'ggiraph' is deprecated. Warning in ggiraph(code = { : 'ggiraph' is deprecated. Deprecated functions may be defunct as soon as of the next release of R. See ?Deprecated. Examples with CPU (user + system) or elapsed time > 5s user system elapsed vlda_plot 5.409 0.107 6.375 Flavor: r-devel-linux-x86_64-debian-clang

Version: 1.1.5
Check: examples
Result: WARN Found the following significant warnings: Warning in ggiraph(code = { : 'ggiraph' is deprecated. Warning in ggiraph(code = { : 'ggiraph' is deprecated. Warning in ggiraph(code = { : 'ggiraph' is deprecated. Deprecated functions may be defunct as soon as of the next release of R. See ?Deprecated. Examples with CPU (user + system) or elapsed time > 5s user system elapsed vlda_plot 4.692 0.073 7.610 vlda 2.767 0.025 5.088 Flavor: r-devel-linux-x86_64-debian-gcc

Version: 1.1.5
Check: examples
Result: WARN Found the following significant warnings: Warning in ggiraph(code = { : 'ggiraph' is deprecated. Warning in ggiraph(code = { : 'ggiraph' is deprecated. Warning in ggiraph(code = { : 'ggiraph' is deprecated. Deprecated functions may be defunct as soon as of the next release of R. See ?Deprecated. Flavors: r-devel-linux-x86_64-fedora-clang, r-devel-linux-x86_64-fedora-gcc

Version: 1.1.5
Check: examples
Result: WARN Found the following significant warnings: Warning: 'ggiraph' is deprecated. Warning: 'ggiraph' is deprecated. Warning: 'ggiraph' is deprecated. Deprecated functions may be defunct as soon as of the next release of R. See ?Deprecated. Flavors: r-release-windows-x86_64, r-oldrel-windows-x86_64