CRAN Package Check Results for Package vizdraws

Last updated on 2020-08-13 15:51:26 CEST.

Flavor Version Tinstall Tcheck Ttotal Status Flags
r-devel-linux-x86_64-debian-clang 1.0.0 0.41 2.64 3.05 ERROR
r-devel-linux-x86_64-debian-gcc 1.0.0 1.61 17.61 19.22 OK
r-devel-linux-x86_64-fedora-clang 1.0.0 37.48 NOTE
r-devel-linux-x86_64-fedora-gcc 1.0.0 28.61 NOTE
r-devel-windows-ix86+x86_64 1.0.0 13.00 48.00 61.00 OK
r-patched-linux-x86_64 1.0.0 1.81 22.13 23.94 OK
r-patched-solaris-x86 1.0.0 45.90 NOTE
r-release-linux-x86_64 1.0.0 2.26 22.42 24.68 OK
r-release-macos-x86_64 1.0.0 NOTE
r-release-windows-ix86+x86_64 1.0.0 12.00 32.00 44.00 OK
r-oldrel-macos-x86_64 1.0.0 NOTE
r-oldrel-windows-ix86+x86_64 1.0.0 5.00 36.00 41.00 OK

Check Details

Version: 1.0.0
Check: package dependencies
Result: ERROR
    Package required but not available: 'tidyr'
    
    See section 'The DESCRIPTION file' in the 'Writing R Extensions'
    manual.
Flavor: r-devel-linux-x86_64-debian-clang

Version: 1.0.0
Check: dependencies in R code
Result: NOTE
    Namespaces in Imports field not imported from:
     ‘glue’ ‘tidyr’
     All declared Imports should be used.
Flavors: r-devel-linux-x86_64-fedora-clang, r-devel-linux-x86_64-fedora-gcc, r-patched-solaris-x86, r-release-macos-x86_64, r-oldrel-macos-x86_64