CRAN Package Check Results for Package visNetwork

Last updated on 2020-08-06 04:48:24 CEST.

Flavor Version Tinstall Tcheck Ttotal Status Flags
r-devel-linux-x86_64-debian-clang 2.0.9 8.78 66.87 75.65 OK
r-devel-linux-x86_64-debian-gcc 2.0.9 7.91 51.70 59.61 OK
r-devel-linux-x86_64-fedora-clang 2.0.9 95.81 NOTE
r-devel-linux-x86_64-fedora-gcc 2.0.9 89.04 OK
r-devel-windows-ix86+x86_64 2.0.9 27.00 95.00 122.00 NOTE
r-patched-linux-x86_64 2.0.9 9.05 65.95 75.00 OK
r-patched-solaris-x86 2.0.9 114.40 WARN
r-release-linux-x86_64 2.0.9 10.06 66.85 76.91 OK
r-release-macos-x86_64 2.0.9 WARN
r-release-windows-ix86+x86_64 2.0.9 25.00 136.00 161.00 NOTE
r-oldrel-macos-x86_64 2.0.9 WARN
r-oldrel-windows-ix86+x86_64 2.0.9 20.00 95.00 115.00 NOTE

Check Details

Version: 2.0.9
Check: installed package size
Result: NOTE
     installed size is 11.2Mb
     sub-directories of 1Mb or more:
     doc 4.3Mb
     docjs 1.4Mb
     htmlwidgets 4.0Mb
Flavors: r-devel-linux-x86_64-fedora-clang, r-devel-windows-ix86+x86_64, r-patched-solaris-x86, r-release-macos-x86_64, r-release-windows-ix86+x86_64, r-oldrel-macos-x86_64, r-oldrel-windows-ix86+x86_64

Version: 2.0.9
Check: re-building of vignette outputs
Result: WARN
    Error(s) in re-building vignettes:
     ...
    --- re-building ‘Introduction-to-visNetwork.Rmd’ using rmarkdown
    Warning in engine$weave(file, quiet = quiet, encoding = enc) :
     Pandoc (>= 1.12.3) and/or pandoc-citeproc not available. Falling back to R Markdown v1.
    Quitting from lines 22-27 (Introduction-to-visNetwork.Rmd)
    Error: processing vignette 'Introduction-to-visNetwork.Rmd' failed with diagnostics:
    cannot open the connection
    --- failed re-building ‘Introduction-to-visNetwork.Rmd’
    
    SUMMARY: processing the following file failed:
     ‘Introduction-to-visNetwork.Rmd’
    
    Error: Vignette re-building failed.
    Execution halted
Flavors: r-patched-solaris-x86, r-release-macos-x86_64, r-oldrel-macos-x86_64

Version: 2.0.9
Check: package dependencies
Result: NOTE
    Package suggested but not available for checking: ‘igraph’
Flavor: r-release-macos-x86_64