CRAN Package Check Results for Package virtualNicheR

Last updated on 2020-08-11 15:48:56 CEST.

Flavor Version Tinstall Tcheck Ttotal Status Flags
r-devel-linux-x86_64-debian-clang 1.0 2.20 22.98 25.18 OK
r-devel-linux-x86_64-debian-gcc 1.0 1.66 18.49 20.15 OK
r-devel-linux-x86_64-fedora-clang 1.0 39.35 NOTE
r-devel-linux-x86_64-fedora-gcc 1.0 29.36 NOTE
r-devel-windows-ix86+x86_64 1.0 7.00 46.00 53.00 OK
r-patched-linux-x86_64 1.0 2.24 22.83 25.07 OK
r-patched-solaris-x86 1.0 47.40 NOTE
r-release-linux-x86_64 1.0 2.02 27.58 29.60 OK
r-release-macos-x86_64 1.0 NOTE
r-release-windows-ix86+x86_64 1.0 10.00 47.00 57.00 OK
r-oldrel-macos-x86_64 1.0 NOTE
r-oldrel-windows-ix86+x86_64 1.0 5.00 37.00 42.00 OK

Check Details

Version: 1.0
Check: dependencies in R code
Result: NOTE
    Namespaces in Imports field not imported from:
     ‘devtools’ ‘diptest’
     All declared Imports should be used.
Flavors: r-devel-linux-x86_64-fedora-clang, r-devel-linux-x86_64-fedora-gcc, r-patched-solaris-x86, r-release-macos-x86_64, r-oldrel-macos-x86_64