Last updated on 2023-12-09 04:51:11 CET.
Flavor | Version | Tinstall | Tcheck | Ttotal | Status | Flags |
---|---|---|---|---|---|---|
r-devel-linux-x86_64-debian-clang | 0.3.2 | 16.49 | 109.41 | 125.90 | NOTE | |
r-devel-linux-x86_64-debian-gcc | 0.3.2 | 14.46 | 79.03 | 93.49 | NOTE | |
r-devel-linux-x86_64-fedora-clang | 0.3.2 | 162.63 | NOTE | |||
r-devel-linux-x86_64-fedora-gcc | 0.3.2 | 152.13 | NOTE | |||
r-devel-windows-x86_64 | 0.3.2 | 18.00 | 94.00 | 112.00 | NOTE | |
r-patched-linux-x86_64 | 0.3.2 | 16.16 | 103.27 | 119.43 | OK | |
r-release-linux-x86_64 | 0.3.2 | 13.35 | 100.80 | 114.15 | OK | |
r-release-macos-arm64 | 0.3.2 | 48.00 | OK | |||
r-release-macos-x86_64 | 0.3.2 | 72.00 | OK | |||
r-release-windows-x86_64 | 0.3.2 | 22.00 | 116.00 | 138.00 | OK | |
r-oldrel-macos-arm64 | 0.3.2 | 44.00 | OK | |||
r-oldrel-macos-x86_64 | 0.3.2 | 62.00 | OK | |||
r-oldrel-windows-x86_64 | 0.3.2 | 22.00 | 111.00 | 133.00 | OK |
Version: 0.3.2
Check: Rd \usage sections
Result: NOTE
Documented arguments not in \usage in Rd file 'draw_map_shiny.Rd':
‘rigth.lim’
Documented arguments not in \usage in Rd file 'map_summary.Rd':
‘rigth.lim’
Functions with \usage entries need to have the appropriate \alias
entries, and all their arguments documented.
The \usage entries must correspond to syntactically valid R code.
See chapter ‘Writing R documentation files’ in the ‘Writing R
Extensions’ manual.
Flavors: r-devel-linux-x86_64-debian-clang, r-devel-linux-x86_64-debian-gcc, r-devel-linux-x86_64-fedora-clang, r-devel-linux-x86_64-fedora-gcc, r-devel-windows-x86_64