Last updated on 2023-12-10 16:51:38 CET.
Flavor | Version | Tinstall | Tcheck | Ttotal | Status | Flags |
---|---|---|---|---|---|---|
r-devel-linux-x86_64-debian-clang | 0.4.0 | 3.83 | 63.55 | 67.38 | OK | |
r-devel-linux-x86_64-debian-gcc | 0.4.0 | 3.21 | 48.17 | 51.38 | OK | |
r-devel-linux-x86_64-fedora-clang | 0.4.0 | 84.95 | NOTE | |||
r-devel-linux-x86_64-fedora-gcc | 0.4.0 | 93.69 | NOTE | |||
r-devel-windows-x86_64 | 0.4.0 | 5.00 | 66.00 | 71.00 | OK | |
r-patched-linux-x86_64 | 0.4.0 | 4.99 | 62.35 | 67.34 | OK | |
r-release-linux-x86_64 | 0.4.0 | 4.46 | 61.97 | 66.43 | OK | |
r-release-macos-arm64 | 0.4.0 | 36.00 | OK | |||
r-release-macos-x86_64 | 0.4.0 | 55.00 | OK | |||
r-release-windows-x86_64 | 0.4.0 | 7.00 | 75.00 | 82.00 | OK | |
r-oldrel-macos-arm64 | 0.4.0 | 22.00 | NOTE | |||
r-oldrel-macos-x86_64 | 0.4.0 | 40.00 | NOTE | |||
r-oldrel-windows-x86_64 | 0.4.0 | 8.00 | 79.00 | 87.00 | OK |
Version: 0.4.0
Check: data for non-ASCII characters
Result: NOTE
Note: found 468 marked UTF-8 strings
Flavors: r-devel-linux-x86_64-fedora-clang, r-devel-linux-x86_64-fedora-gcc, r-oldrel-macos-arm64, r-oldrel-macos-x86_64