CRAN Package Check Results for Package vhica

Last updated on 2023-12-02 16:49:32 CET.

Flavor Version Tinstall Tcheck Ttotal Status Flags
r-devel-linux-x86_64-debian-clang 0.2.8 2.75 35.34 38.09 NOTE
r-devel-linux-x86_64-debian-gcc 0.2.8 2.54 27.44 29.98 NOTE
r-devel-linux-x86_64-fedora-clang 0.2.8 49.32 OK
r-devel-linux-x86_64-fedora-gcc 0.2.8 47.01 OK
r-devel-windows-x86_64 0.2.8 4.00 46.00 50.00 OK
r-patched-linux-x86_64 0.2.8 3.15 35.30 38.45 OK
r-release-linux-x86_64 0.2.8 2.71 34.80 37.51 OK
r-release-macos-arm64 0.2.8 19.00 OK
r-release-macos-x86_64 0.2.8 26.00 OK
r-release-windows-x86_64 0.2.8 4.00 51.00 55.00 OK
r-oldrel-macos-arm64 0.2.8 19.00 OK
r-oldrel-macos-x86_64 0.2.8 30.00 OK
r-oldrel-windows-x86_64 0.2.8 5.00 52.00 57.00 OK

Check Details

Version: 0.2.8
Check: Rd files
Result: NOTE checkRd: (-1) div.Rd:32: Lost braces in \itemize; \value handles \item{}{} directly checkRd: (-1) div.Rd:33: Lost braces in \itemize; \value handles \item{}{} directly checkRd: (-1) div.Rd:34: Lost braces in \itemize; \value handles \item{}{} directly checkRd: (-1) image.vhica.Rd:74: Lost braces 74 | The function returns (invisibly) a list of elements (object of class \code{vhicaimage}) which can be used for further analysis: \code{tree} contains the phylogenetic tree (object of class \code{"phylo"}), \code{species} is the vector of species, \code{stats} is a matrix of log10(P-values) (positive elements are minus log10(P) corresponding to positive residuals), code{dS} is a matrix reminding the divergence rates from the data. Calling the method \code{\link{summary.vhicaimage}} on this object returns a nicely formatted data frame. | ^ checkRd: (-1) read.vhica.Rd:59-74: Lost braces in \itemize; meant \describe ? checkRd: (-1) read.vhica.Rd:70: Lost braces in \itemize; meant \describe ? checkRd: (-1) read.vhica.Rd:71: Lost braces in \itemize; meant \describe ? checkRd: (-1) read.vhica.Rd:72: Lost braces in \itemize; meant \describe ? checkRd: (-1) read.vhica.Rd:75-92: Lost braces in \itemize; meant \describe ? checkRd: (-1) read.vhica.Rd:87: Lost braces in \itemize; meant \describe ? checkRd: (-1) read.vhica.Rd:88: Lost braces in \itemize; meant \describe ? checkRd: (-1) read.vhica.Rd:89: Lost braces in \itemize; meant \describe ? checkRd: (-1) read.vhica.Rd:90: Lost braces in \itemize; meant \describe ? checkRd: (-1) read.vhica.Rd:99: Lost braces in \itemize; \value handles \item{}{} directly checkRd: (-1) read.vhica.Rd:100: Lost braces in \itemize; \value handles \item{}{} directly checkRd: (-1) read.vhica.Rd:101: Lost braces in \itemize; \value handles \item{}{} directly checkRd: (-1) read.vhica.Rd:102: Lost braces in \itemize; \value handles \item{}{} directly checkRd: (-1) read.vhica.Rd:103: Lost braces in \itemize; \value handles \item{}{} directly checkRd: (-1) read.vhica.Rd:104: Lost braces in \itemize; \value handles \item{}{} directly checkRd: (-1) read.vhica.Rd:105: Lost braces in \itemize; \value handles \item{}{} directly checkRd: (-1) vhica-package.Rd:24: Lost braces in \itemize; meant \describe ? checkRd: (-1) vhica-package.Rd:25: Lost braces in \itemize; meant \describe ? checkRd: (-1) vhica-package.Rd:26: Lost braces in \itemize; meant \describe ? Flavors: r-devel-linux-x86_64-debian-clang, r-devel-linux-x86_64-debian-gcc